{"id":34,"date":"2018-06-10T20:41:04","date_gmt":"2018-06-10T19:41:04","guid":{"rendered":"http:\/\/www.rvdv.net\/2008\/?page_id=34"},"modified":"2018-06-10T20:41:04","modified_gmt":"2018-06-10T19:41:04","slug":"2-mercredi-26-novembre-16h-18h-wednesday-the-26th-of-november-4-6-pm","status":"publish","type":"page","link":"http:\/\/www.rvdv.net\/2008\/le-projet-the-project\/2-mercredi-26-novembre-16h-18h-wednesday-the-26th-of-november-4-6-pm\/","title":{"rendered":"2. Mercredi 26 novembre, 16h-18h (Wednesday the 26th of November, 4-6 pm)"},"content":{"rendered":"<h2>Cartographie relationnelle<br \/>\n<em>Relational Cartography<\/em><\/h2>\n<p>De nouvelles interfaces, de type G\u00e9oportail ou Google Earth, apparaissent et permettent d\u2019utiliser, de repr\u00e9senter et de mettre en relation des donn\u00e9es g\u00e9ospatiales. La carte du territoire se voit recouverte de documents localis\u00e9s photographiques, (j\u2019\u00e9tais l\u00e0), filmiques (j\u2019ai vu cela) et sonores (j\u2019ai entendu ceci), o\u00f9 sont \u00e9pingl\u00e9s souvenirs et traces d\u2019activit\u00e9s humaines. La carte devient une interface active et mn\u00e9motechnique qui structure et met en relation des contenus h\u00e9t\u00e9rog\u00e8nes, cr\u00e9ant convergences et interp\u00e9n\u00e9trations entre les disciplines et les usages. Les interfaces cartographiques repr\u00e9sentant le monde r\u00e9el cohabitent avec d\u2019autres univers virtuels et fictifs, et leurs repr\u00e9sentations tendent \u00e0 se confondre. La cartographie devient un outil de composition des donn\u00e9es pour orienter le regard et rendre visible ce qui \u00e9chappe \u00e0 notre perception habituelle comme les espaces vides et oubli\u00e9s, l\u2019agencement des r\u00e9seaux sociaux, les structures du savoir et du pouvoir et leur relation \u00e0 travers la plan\u00e8te.<br \/>\nPour discuter de ces nouvelles perspectives cartographiques, nous invitons Boris Beaude, Philippe Vasset et Bureau d\u2019\u00e9tudes (L\u00e9onore Bonaccini et Xavier Fourt), qui explorent ces anciens et nouveaux outils, avec des approches diff\u00e9rentes.<\/p>\n<p><em>New Interfaces as G\u00e9oportail and Google Earth have emerged allowing the application, the representation and the combination of geospatial information. The territorial map has been covered with localized photographic documents (I was there), film documents (I saw this) and sonic documents (I heard that), which express human activity and memorize its traces. The map is becoming an interactive and mnemonic interface structuring and combining heterogeneous topics. Various disciplines and applications therefore interact and converge with each other. Cartographic interfaces representing the real world meet virtual and fictive spaces, becoming nearly indistinguishable. New possibilities of ordering information arise with this cartography, focusing the attention and making visible what has been disregarded by common perception. Examples of these are forgotten spaces, the constitution of social networks and structures of knowledge and of power in their relation to each other all over the planet.<\/em><br \/>\n<em>To discuss these new cartographic perspectives we invite Boris Beaude, Philippe Vasset and Bureau d\u2019\u00e9tudes (L\u00e9onore Bonaccini and Xavier Fourt), who explore these old and the new applications, each with a different approach.<\/em><\/p>\n<p><strong>Boris Beaude<\/strong>, g\u00e9ographe et chercheur, <em>geographer and researcher<\/em>, \u00ab\u00a0Espace de la carte, espace des individus\u00a0\u00bb <em>(\u00ab The Space of the Map, the Space of Individuals \u00bb)<\/em><\/p>\n<p><strong>Bureau d\u2019\u00e9tudes<\/strong>, artistes, <em>artists<\/em>, \u00ab Cartographier la plan\u00e8te Laboratoire \u00bb \u00ab Mapping the Laboratory Planet \u00bb<\/p>\n<p><strong>Philippe Vasset<\/strong>, \u00e9crivain, <em>writer<\/em>, \u00ab Jalons pour un impr\u00e9cis de g\u00e9ographie \u00bb <em>(\u00ab Giving Way to an Imprecise Geography \u00bb)<\/em><\/p>\n<p>Session pr\u00e9par\u00e9e et mod\u00e9r\u00e9e par, <em>organized and moderated by<\/em> :<br \/>\n<strong>Gwenola Wagon<\/strong>, artiste, ma\u00eetre de conf\u00e9rences en arts plastiques, Universit\u00e9 Paris 8, chercheuse dans l\u2019\u00e9quipe de recherche, <em>member of the research group<\/em> Esth\u00e9tique des nouveaux m\u00e9dias (EdNM)<\/p>\n<p><strong><br \/>\nLes intervenants, <\/strong><em><strong>The participants<\/strong> :<br \/>\n<\/em><\/p>\n<p><strong>Boris Beaude<\/strong> est g\u00e9ographe et chercheur, <em>geographer and researcher<\/em>. Membre du laboratoire, <em>member of the research lab<\/em> Ch\u00f4ros de l\u2019\u00c9cole Polytechnique F\u00e9d\u00e9rale de Lausanne et Ma\u00eetre de conf\u00e9rences \u00e0 l\u2019Institut d\u2019Etudes Politiques de Paris. Ses travaux portent sur la dimension spatiale de la t\u00e9l\u00e9communication et plus g\u00e9n\u00e9ralement sur le contexte spatial de l\u2019interaction sociale. Il s\u2019int\u00e9resse aux moyens que les individus se donnent pour ma\u00eetriser l\u2019espace et, en particulier, \u00e0 Internet comme espace singulier de la coexistence.<\/p>\n<p><em>The work of <strong>Boris Beaude <\/strong>concentrates on the spatial dimension of telecommunication and, more generally, on the spatial context of social interaction. He is interested in the way individuals cope with the space surrounding them and he is particularly concerned with Internet as a singular space of coexistence.<\/em><\/p>\n<p>Document de pr\u00e9sentation de la communication de Boris Beaude<\/p>\n<p>Boris Beaude, \u00ab\u00a0Espace de la carte, espace des individus\u00a0\u00bb<\/p>\n<p><strong><br \/>\nBureau d\u2019\u00e9tudes<\/strong> est un groupe conceptuel, cr\u00e9\u00e9 en 1998 \u00e0 Paris,\u00a0 qui d\u00e9veloppe un travail collectif croisant art, th\u00e9orie et recherche. Ce travail se traduit notamment par la r\u00e9alisation de cartographies sur les r\u00e9seaux et complexes de pouvoirs, rendant lisibles les liens entre les \u00e9tats, les groupes financiers, les think tanks, les entreprises, etc. Ces cartographies sont diffus\u00e9es dans des contextes artistiques, militants, universitaires ou sans qualit\u00e9.<\/p>\n<p><em><strong>Bureau d\u2019\u00e9tudes <\/strong>is a conceptual group created in Paris in 1998 intermingling art, theory and research in their collective work. Amongst others, the group publishes maps on networks and power complexes highlighting the links between countries, financial groups, think tanks, companies, etc. These maps are distributed in an artistic, militant, academic or no-quality context.<\/em><br \/>\n<a href=\"http:\/\/utangente.free.fr\/index2.html\" target=\"_blank\" rel=\"noopener\">http:\/\/utangente.free.fr\/index2.html<\/a><br \/>\n<a href=\"http:\/\/laboratoryplanet.org\/\" target=\"_blank\" rel=\"noopener\">http:\/\/laboratoryplanet.org<\/a><\/p>\n<p>Bureau d\u2019\u00e9tudes (L\u00e9onore Bonaccini et Xavier Fourt), \u00ab Cartographier la plan\u00e8te Laboratoire \u00bb<br \/>\nLes documents \u00e0 propos des \u0153uvres, projet\u00e9s dans la communication, sont consultables sur les sites<br \/>\n<a href=\"http:\/\/utangente.free.fr\/index2.html\" target=\"_blank\" rel=\"noopener\">http:\/\/utangente.free.fr\/index2.html<\/a> et <a href=\"http:\/\/laboratoryplanet.org\/\" target=\"_blank\" rel=\"noopener\">http:\/\/laboratoryplanet.org<\/a><\/p>\n<p><strong><br \/>\nPhilippe Vasset<\/strong> a publi\u00e9 trois romans, <em>has published three novels<\/em> : Exemplaire de d\u00e9monstration (2003), Carte Muette (2004) et Bandes Altern\u00e9es (2006) et un r\u00e9cit avec cartes, <em>and a report with maps<\/em>, Un Livre Blanc (2007, Fayard). Avec l\u2019Atelier de G\u00e9ographie Parall\u00e8le, qu\u2019il a co-fond\u00e9 avec Xavier Courteix et Xavier Bismuth, Philippe Vasset a con\u00e7u l\u2019exposition Cartes Blanches, qui s\u2019est tenue du 10 au 30 septembre 2007 \u00e0 la galerie Ars Longa \u00e0 Paris.<\/p>\n<p><em>Together with the Atelier de G\u00e9ographie Parall\u00e8le, of whom he is co-founder besides Xavier Courteix and Xavier Bismuth, Philippe Vasset organized the exhibition Cartes Blanches, which was shown from the 10th to the 30th of September 2007 at the gallery Ars Longa in Paris.<\/em><\/p>\n<p>Philippe Vasset, \u00ab Jalons pour un impr\u00e9cis de g\u00e9ographie \u00bb<br \/>\nLes documents \u00e0 propos des \u0153uvres, projet\u00e9s dans la communication, sont consultables sur le site de l\u2019Atelier de g\u00e9ographie parall\u00e8le<br \/>\n<a href=\"http:\/\/www.unsiteblanc.com\/\" target=\"_blank\" rel=\"noopener\">http:\/\/www.unsiteblanc.com<\/a> et \u00ab <a href=\"http:\/\/www.tierslivre.net\/spip\/spip.php?article955\" target=\"_blank\" rel=\"noopener\">Philippe Vasset\u00a0: zones vides de la ville<\/a> \u00bb par Fran\u00e7ois Bon.<\/p>\n<p><strong>Le d\u00e9bat final \u00e0 propos des trois communications<\/strong><\/p>\n<p>Philippe Vasset, Boris Beaude, L\u00e9onore Bonaccini et Xavier Fourt (Bureau d&rsquo;\u00e9tudes) et Gwenola Wagon.<\/p>\n","protected":false},"excerpt":{"rendered":"<p>Cartographie relationnelle Relational Cartography De nouvelles interfaces, de type G\u00e9oportail ou Google Earth, apparaissent et permettent d\u2019utiliser, de repr\u00e9senter et de mettre en relation des donn\u00e9es g\u00e9ospatiales. La carte du territoire se voit recouverte de documents localis\u00e9s photographiques, (j\u2019\u00e9tais l\u00e0), filmiques (j\u2019ai vu cela) et sonores (j\u2019ai entendu ceci), o\u00f9 sont \u00e9pingl\u00e9s souvenirs et traces &hellip; <a href=\"http:\/\/www.rvdv.net\/2008\/le-projet-the-project\/2-mercredi-26-novembre-16h-18h-wednesday-the-26th-of-november-4-6-pm\/\" class=\"more-link\">Continuer la lecture de <span class=\"screen-reader-text\">2. Mercredi 26 novembre, 16h-18h (Wednesday the 26th of November, 4-6 pm)<\/span><\/a><\/p>\n","protected":false},"author":1,"featured_media":0,"parent":24,"menu_order":3,"comment_status":"closed","ping_status":"closed","template":"","meta":{"footnotes":""},"class_list":["post-34","page","type-page","status-publish","hentry"],"_links":{"self":[{"href":"http:\/\/www.rvdv.net\/2008\/wp-json\/wp\/v2\/pages\/34","targetHints":{"allow":["GET"]}}],"collection":[{"href":"http:\/\/www.rvdv.net\/2008\/wp-json\/wp\/v2\/pages"}],"about":[{"href":"http:\/\/www.rvdv.net\/2008\/wp-json\/wp\/v2\/types\/page"}],"author":[{"embeddable":true,"href":"http:\/\/www.rvdv.net\/2008\/wp-json\/wp\/v2\/users\/1"}],"replies":[{"embeddable":true,"href":"http:\/\/www.rvdv.net\/2008\/wp-json\/wp\/v2\/comments?post=34"}],"version-history":[{"count":0,"href":"http:\/\/www.rvdv.net\/2008\/wp-json\/wp\/v2\/pages\/34\/revisions"}],"up":[{"embeddable":true,"href":"http:\/\/www.rvdv.net\/2008\/wp-json\/wp\/v2\/pages\/24"}],"wp:attachment":[{"href":"http:\/\/www.rvdv.net\/2008\/wp-json\/wp\/v2\/media?parent=34"}],"curies":[{"name":"wp","href":"https:\/\/api.w.org\/{rel}","templated":true}]}}