{"id":7,"date":"2018-06-09T18:35:01","date_gmt":"2018-06-09T17:35:01","guid":{"rendered":"http:\/\/www.rvdv.net\/2008\/?page_id=2"},"modified":"2018-06-09T18:35:01","modified_gmt":"2018-06-09T17:35:01","slug":"page-d-exemple-2","status":"publish","type":"page","link":"http:\/\/www.rvdv.net\/2008\/le-projet-the-project\/page-d-exemple-2\/","title":{"rendered":"Mobilisable : une exposition, un colloque, un site Web (colloquium, exhibition, web site)"},"content":{"rendered":"<p>L\u2019op\u00e9ration Mobilisable s\u2019inscrit dans le programme \u00ab Formes de la mobilit\u00e9 \u00bb de l\u2019\u00e9quipe \u00ab Esth\u00e9tique des nouveaux m\u00e9dias \u00bb de l\u2019Universit\u00e9 Paris 8 et d\u2019EnsadLab.<\/p>\n<p><a href=\"http:\/\/www.rvdv.net\/2008\/wp-content\/uploads\/sites\/2\/2018\/06\/mobilisable-ensad-2008-1.jpg\" data-rel=\"lightbox-image-0\" data-rl_title=\"\" data-rl_caption=\"\" title=\"\"><img loading=\"lazy\" decoding=\"async\" class=\"alignnone wp-image-11\" src=\"http:\/\/www.rvdv.net\/2008\/wp-content\/uploads\/sites\/2\/2018\/06\/mobilisable-ensad-2008-1.jpg\" alt=\"\" width=\"640\" height=\"480\" srcset=\"http:\/\/www.rvdv.net\/2008\/wp-content\/uploads\/sites\/2\/2018\/06\/mobilisable-ensad-2008-1.jpg 1024w, http:\/\/www.rvdv.net\/2008\/wp-content\/uploads\/sites\/2\/2018\/06\/mobilisable-ensad-2008-1-300x225.jpg 300w, http:\/\/www.rvdv.net\/2008\/wp-content\/uploads\/sites\/2\/2018\/06\/mobilisable-ensad-2008-1-768x576.jpg 768w\" sizes=\"auto, (max-width: 640px) 100vw, 640px\" \/><\/a><br \/>\nExposition Masaki Fujihata du 19 novembre au 6 d\u00e9cembre 2008, galerie d\u2019exposition, Ensad, 31 rue d\u2019Ulm, Paris 5e. [Photo Nicolas Nova]<\/p>\n<blockquote><p><a href=\"http:\/\/www.rvdv.net\/2008\/wp-download\/mobilisable_flyer.pdf\"><img loading=\"lazy\" decoding=\"async\" class=\"alignnone wp-image-13\" src=\"http:\/\/www.rvdv.net\/2008\/wp-content\/uploads\/sites\/2\/2018\/06\/mobilisable_couv-1.jpg\" alt=\"\" width=\"120\" height=\"188\" srcset=\"http:\/\/www.rvdv.net\/2008\/wp-content\/uploads\/sites\/2\/2018\/06\/mobilisable_couv-1.jpg 331w, http:\/\/www.rvdv.net\/2008\/wp-content\/uploads\/sites\/2\/2018\/06\/mobilisable_couv-1-192x300.jpg 192w\" sizes=\"auto, (max-width: 120px) 100vw, 120px\" \/><\/a><br \/>\nT\u00e9l\u00e9charger le flyer, <em>Download the flyer<\/em><\/p><\/blockquote>\n<p><strong>Exposition du 19 novembre au 6 d\u00e9cembre 2008<\/strong><br \/>\nGalerie d\u2019exposition, Ensad, 31 rue d\u2019Ulm, Paris 5e<strong><br \/>\n<\/strong>Vernissage : mercredi 19 novembre 2008 \u00e0 partir de 18h<br \/>\n<em><strong>Exhibition from the 19th of November to the 6th of December 2008 <\/strong><\/em><br \/>\n<em>Exhibition space, Ensad, 31 rue d\u2019Ulm, Paris 5e<\/em><br \/>\n<em>Opening : Wednesday the 19th of November 2008 starting from 6 pm<\/em><\/p>\n<blockquote><p><strong>Masaki Fujihata<br \/>\n<\/strong><em>Orchisoid<\/em><em>, <\/em>installation robotique <em>robotic installation<\/em>, 2001<br \/>\n<em>Morel\u2019s Panorama<\/em>, installation vid\u00e9o num\u00e9rique <em>digital video installation<\/em>, 2003<br \/>\n<em>Landing Home in Geneva<\/em>, installation vid\u00e9o num\u00e9rique <em>digital video installation<\/em>, 2005<\/p>\n<p>&nbsp;<\/p>\n<p><a href=\"http:\/\/www.rvdv.net\/2008\/wp-content\/uploads\/sites\/2\/2018\/06\/orchisoid_det_tr-1.jpg\" data-rel=\"lightbox-image-1\" data-rl_title=\"\" data-rl_caption=\"\" title=\"\"><img loading=\"lazy\" decoding=\"async\" class=\"alignnone wp-image-16\" src=\"http:\/\/www.rvdv.net\/2008\/wp-content\/uploads\/sites\/2\/2018\/06\/orchisoid_det_tr-1.jpg\" alt=\"\" width=\"240\" height=\"320\" srcset=\"http:\/\/www.rvdv.net\/2008\/wp-content\/uploads\/sites\/2\/2018\/06\/orchisoid_det_tr-1.jpg 480w, http:\/\/www.rvdv.net\/2008\/wp-content\/uploads\/sites\/2\/2018\/06\/orchisoid_det_tr-1-225x300.jpg 225w\" sizes=\"auto, (max-width: 240px) 100vw, 240px\" \/><\/a><br \/>\nMasaki Fujihata, <em>Orchisoid<\/em>, 2001 [Photo courtesy from ascii.jp]<\/p>\n<p><a href=\"http:\/\/www.rvdv.net\/2008\/wp-content\/uploads\/sites\/2\/2018\/06\/fujihata_morels_panorama-1.jpg\" data-rel=\"lightbox-image-2\" data-rl_title=\"\" data-rl_caption=\"\" title=\"\"><img loading=\"lazy\" decoding=\"async\" class=\"alignnone wp-image-17\" src=\"http:\/\/www.rvdv.net\/2008\/wp-content\/uploads\/sites\/2\/2018\/06\/fujihata_morels_panorama-1.jpg\" alt=\"\" width=\"320\" height=\"240\" srcset=\"http:\/\/www.rvdv.net\/2008\/wp-content\/uploads\/sites\/2\/2018\/06\/fujihata_morels_panorama-1.jpg 1024w, http:\/\/www.rvdv.net\/2008\/wp-content\/uploads\/sites\/2\/2018\/06\/fujihata_morels_panorama-1-300x225.jpg 300w, http:\/\/www.rvdv.net\/2008\/wp-content\/uploads\/sites\/2\/2018\/06\/fujihata_morels_panorama-1-768x576.jpg 768w\" sizes=\"auto, (max-width: 320px) 100vw, 320px\" \/><\/a><br \/>\nMasaki Fujihata, <em>Morel\u2019s Panorama, <\/em>2003<\/p>\n<p><a href=\"http:\/\/www.rvdv.net\/2008\/wp-content\/uploads\/sites\/2\/2018\/06\/fujihata_lhg-1.jpg\" data-rel=\"lightbox-image-3\" data-rl_title=\"\" data-rl_caption=\"\" title=\"\"><img loading=\"lazy\" decoding=\"async\" class=\"alignnone wp-image-18\" src=\"http:\/\/www.rvdv.net\/2008\/wp-content\/uploads\/sites\/2\/2018\/06\/fujihata_lhg-1.jpg\" alt=\"\" width=\"320\" height=\"240\" srcset=\"http:\/\/www.rvdv.net\/2008\/wp-content\/uploads\/sites\/2\/2018\/06\/fujihata_lhg-1.jpg 1024w, http:\/\/www.rvdv.net\/2008\/wp-content\/uploads\/sites\/2\/2018\/06\/fujihata_lhg-1-300x225.jpg 300w, http:\/\/www.rvdv.net\/2008\/wp-content\/uploads\/sites\/2\/2018\/06\/fujihata_lhg-1-768x576.jpg 768w\" sizes=\"auto, (max-width: 320px) 100vw, 320px\" \/><\/a><br \/>\nMasaki Fujihata, <em>Landing Home in Geneva<\/em>, 2005<\/p><\/blockquote>\n<p><strong>Colloque <em>Colloquium<\/em> : 5 sessions<\/strong><br \/>\nAmphi <em>Amphitheatre<\/em> Rodin, Ensad, 31 rue d\u2019Ulm, Paris 5e<\/p>\n<blockquote><p><strong>1. Mercredi 19 novembre, 16h-18h<br \/>\nMobilit\u00e9, invention technologique et invention artistique<\/strong><strong><br \/>\n<\/strong><strong>1. Wednesday the 19th of November, 4 \u2013 6 pm<br \/>\n<em>Mobility, Technological Invention and Artistic Invention<\/em><\/strong><br \/>\n<strong>Masaki Fujihata<\/strong>, artiste, professeur, <em>artist<\/em>, <em>professor<\/em>, University of the Arts in Tokyo<strong>,<br \/>\nPierre-Damien Huyghe<\/strong>, professeur, <em>professor<\/em>, Universit\u00e9 Paris 1 \u2013 Panth\u00e9on \u2013 Sorbonne, \u00ab L\u2019art comme d\u00e9couverte des inventions \u00bb, <em>\u00ab Art as Discovery of Inventions \u00bb<\/em><strong><br \/>\n<\/strong>Session pr\u00e9par\u00e9e et mod\u00e9r\u00e9e par, <em>organized and moderated by<\/em> <strong>Jean-Louis Boissier<\/strong><\/p><\/blockquote>\n<p><strong><a href=\"http:\/\/www.rvdv.net\/2008\/le-projet-the-project\/1-mercredi-19-novembre-16h-18h-wednesday-the-19th-of-november-4-6-pm\/\">Pr\u00e9sentation et enregistrement vid\u00e9o de cette 1\u00e8re session : Mobilit\u00e9, invention technologique et invention artistique<\/a><\/strong><\/p>\n<blockquote><p><strong><span style=\"color: #ffffff\">\u2022<\/span><br \/>\n2. Mercredi 26 novembre, 16h-18h<br \/>\nCartographie relationnelle<\/strong><strong><br \/>\n<\/strong><strong>2. Wednesday the 26th of November, 4 \u2013 6 pm<\/strong><br \/>\n<strong><em>Relational \u2028Cartography<\/em><br \/>\nBoris Beaude<\/strong>, g\u00e9ographe et chercheur, <em>geographer and researcher<\/em>, \u00ab Espace de la carte, espace des individus \u00bb (<em>\u00ab The Space of the Map, the Space of Individuals \u00bb<\/em>)<strong><br \/>\nBureau d\u2019\u00e9tudes<\/strong>, artistes, <em>artists<\/em>, <em>\u00ab Mapping the Laboratory Planet \u00bb<\/em><strong><br \/>\nPhilippe Vasset<\/strong>, \u00e9crivain, writer \u00ab Jalons pour un impr\u00e9cis de g\u00e9ographie \u00bb (<em>\u00ab Giving Way to an Imprecise Geography \u00bb<\/em>)<br \/>\nSession pr\u00e9par\u00e9e et mod\u00e9r\u00e9e par, <em>organized and moderated by<\/em> <strong>Gwenola Wagon<\/strong><\/p><\/blockquote>\n<p><strong><a href=\"http:\/\/www.rvdv.net\/2008\/le-projet-the-project\/2-mercredi-26-novembre-16h-18h-wednesday-the-26th-of-november-4-6-pm\/\">Pr\u00e9sentation et enregistrement vid\u00e9o de cette 2e session :\u00a0Cartographie relationnelle<\/a><\/strong><\/p>\n<p>&nbsp;<\/p>\n<blockquote><p><strong>3. Mercredi 26 novembre, 19h-21h<br \/>\n3. Wednesday the 26th of November, 7 \u2013 9 pm<em><br \/>\nPervasive art<\/em><\/strong><strong><br \/>\nLalya Gaye<\/strong>, chercheuse <em>researcher<\/em> (G\u00f6teborg), membre du comit\u00e9 de direction de, <em>member of the directory comity of the<\/em> Mobile Music Workshop et du collectif D\u00e5nk! en art, technologie, son et design<strong>, <\/strong><em>and of the collective D\u00e5nk! concentrating on art, technology, sound and design<\/em><strong><br \/>\nUsman Haque<\/strong>, artiste et designer, <em>artist and designer<\/em> (Londres)<strong><br \/>\nNicolas Nova<\/strong>, docteur de l\u2019\u00c9cole Polytechnique F\u00e9d\u00e9rale de Lausanne et chercheur et prospectiviste (Gen\u00e8ve)<br \/>\nSession pr\u00e9par\u00e9e et mod\u00e9r\u00e9e par, <em>organized and moderated by<\/em> <strong>Samuel Bianchini<\/strong><\/p><\/blockquote>\n<p><strong><a href=\"http:\/\/www.rvdv.net\/2008\/le-projet-the-project\/3-mercredi-26-novembre-19h-21h-wednesday-the-26th-of-november-7-9-pm\/\">Pr\u00e9sentation et enregistrement vid\u00e9o de cette 3e session : Pervasive art<\/a><\/strong><\/p>\n<blockquote><p><strong><br \/>\n<span style=\"color: #ffffff\">\u2022<\/span><br \/>\n4. Mercredi 3 d\u00e9cembre, 16h-18h<br \/>\nPaysages technologiques<\/strong><strong><br \/>\n<em>4. Wednesday the 3rd of December, 4 \u2013 6 pm<\/em><br \/>\n<em>Technological Landscape<\/em><br \/>\nPascal Amphoux<\/strong>, architecte et g\u00e9ographe, <em>architect and geographer<\/em>, Lausanne, \u00ab La m\u00e9diation paysag\u00e8re \u00bb(<em>\u00ab The Mediation of Landscape \u00bb<\/em>)<br \/>\n<strong>Thierry Davila<\/strong>, conservateur au, <em>curator at the Mamco<\/em>, Gen\u00e8ve, <em>\u00ab Bodies-cities \u00bb<\/em><strong><br \/>\nEsther Polak<\/strong>, artiste, <em>artist<\/em>, Amsterdam, <em>\u00ab Use of GPS for rural landscape depiction \u00bb<\/em><br \/>\nSession pr\u00e9par\u00e9e et mod\u00e9r\u00e9e par, <em>organized and moderated by<\/em> <strong>Andrea Urlberger<\/strong><\/p><\/blockquote>\n<p><strong><a href=\"http:\/\/www.rvdv.net\/2008\/le-projet-the-project\/4-mercredi-3-decembre-16h-18h-wednesday-the-3rd-of-december-4-6-pm\/\">Pr\u00e9sentation et enregistrement vid\u00e9o de cette 4e session :\u00a0Paysages technologiques<\/a><\/strong><\/p>\n<p><span style=\"color: #ffffff\">\u2022<\/span><\/p>\n<blockquote><p><strong>5. Mercredi 3 d\u00e9cembre, 19h-21h<em><br \/>\n<\/em>Mobilit\u00e9 et reconfiguration urbaine. L\u2019Art des foules<\/strong><strong><br \/>\n<em>5. Wednesday the 3rd of December, 7 \u2013 9 pm<\/em><br \/>\n<em>Mobility and Urban Reconfiguration. The Art of the Crowds<\/em><br \/>\nFrank Beau<\/strong>, chercheur et consultant, <em>researcher and consultant<\/em>, \u00ab Foule 2.0 : promesses et limites \u00bb<strong>, <\/strong>(<em>\u00ab Crowds 2:0: Promises and Limits \u00bb<\/em>)<strong><br \/>\n<\/strong><strong>Christian Tarpin<\/strong>, ing\u00e9nieur civil des ponts et chauss\u00e9es, <em>civil engineer for bridges and roads<\/em>, \u00ab Innovations et mutations des mouvements de foule \u00bb (<em>\u00ab Innovations and Mutations of Crowd Movements \u00bb<\/em>)<br \/>\nSession pr\u00e9par\u00e9e et mod\u00e9r\u00e9e par, <em>organized and moderated by<\/em> <strong>Val\u00e9rie Ch\u00e2telet<\/strong><\/p><\/blockquote>\n<p><strong><a href=\"http:\/\/www.rvdv.net\/2008\/le-projet-the-project\/5-mercredi-3-decembre-19h-21h-wednesday-the-3rd-of-december-7-9-pm\/\">Pr\u00e9sentation et enregistrement audio de cette 5e session :\u00a0Mobilit\u00e9 et reconfiguration urbaine. L\u2019Art des foules<\/a><\/strong><\/p>\n","protected":false},"excerpt":{"rendered":"<p>L\u2019op\u00e9ration Mobilisable s\u2019inscrit dans le programme \u00ab Formes de la mobilit\u00e9 \u00bb de l\u2019\u00e9quipe \u00ab Esth\u00e9tique des nouveaux m\u00e9dias \u00bb de l\u2019Universit\u00e9 Paris 8 et d\u2019EnsadLab. Exposition Masaki Fujihata du 19 novembre au 6 d\u00e9cembre 2008, galerie d\u2019exposition, Ensad, 31 rue d\u2019Ulm, Paris 5e. [Photo Nicolas Nova] T\u00e9l\u00e9charger le flyer, Download the flyer Exposition du &hellip; <a href=\"http:\/\/www.rvdv.net\/2008\/le-projet-the-project\/page-d-exemple-2\/\" class=\"more-link\">Continuer la lecture de <span class=\"screen-reader-text\">Mobilisable : une exposition, un colloque, un site Web (colloquium, exhibition, web site)<\/span><\/a><\/p>\n","protected":false},"author":1,"featured_media":0,"parent":24,"menu_order":0,"comment_status":"open","ping_status":"open","template":"","meta":{"footnotes":""},"class_list":["post-7","page","type-page","status-publish","hentry"],"_links":{"self":[{"href":"http:\/\/www.rvdv.net\/2008\/wp-json\/wp\/v2\/pages\/7","targetHints":{"allow":["GET"]}}],"collection":[{"href":"http:\/\/www.rvdv.net\/2008\/wp-json\/wp\/v2\/pages"}],"about":[{"href":"http:\/\/www.rvdv.net\/2008\/wp-json\/wp\/v2\/types\/page"}],"author":[{"embeddable":true,"href":"http:\/\/www.rvdv.net\/2008\/wp-json\/wp\/v2\/users\/1"}],"replies":[{"embeddable":true,"href":"http:\/\/www.rvdv.net\/2008\/wp-json\/wp\/v2\/comments?post=7"}],"version-history":[{"count":0,"href":"http:\/\/www.rvdv.net\/2008\/wp-json\/wp\/v2\/pages\/7\/revisions"}],"up":[{"embeddable":true,"href":"http:\/\/www.rvdv.net\/2008\/wp-json\/wp\/v2\/pages\/24"}],"wp:attachment":[{"href":"http:\/\/www.rvdv.net\/2008\/wp-json\/wp\/v2\/media?parent=7"}],"curies":[{"name":"wp","href":"https:\/\/api.w.org\/{rel}","templated":true}]}}