{"id":148,"date":"2025-12-03T22:30:00","date_gmt":"2025-12-03T21:30:00","guid":{"rendered":"https:\/\/www.rvdv.net\/immateriaux\/?page_id=148"},"modified":"2025-12-04T11:11:33","modified_gmt":"2025-12-04T10:11:33","slug":"30e-anniversaire","status":"publish","type":"page","link":"https:\/\/www.rvdv.net\/immateriaux\/les-immateriaux-liste-des-pages-de-documents\/30e-anniversaire\/","title":{"rendered":"30e anniversaire, L\u00fcneburg, Paris, Kyoto"},"content":{"rendered":"<p><img loading=\"lazy\" decoding=\"async\" class=\"alignnone wp-image-152\" src=\"http:\/\/www.rvdv.net\/immateriaux\/wp-content\/uploads\/sites\/8\/2025\/12\/image-3.jpeg\" alt=\"\" width=\"400\" height=\"583\" srcset=\"https:\/\/www.rvdv.net\/immateriaux\/wp-content\/uploads\/sites\/8\/2025\/12\/image-3.jpeg 484w, https:\/\/www.rvdv.net\/immateriaux\/wp-content\/uploads\/sites\/8\/2025\/12\/image-3-206x300.jpeg 206w\" sizes=\"auto, (max-width: 400px) 100vw, 400px\" \/><\/p>\n<p>\u00ab\u00a030 Years after Les Immat\u00e9riaux \u00bb (Mai 2014, L\u00fcneburg, colloque du 30e anniversaire).<br \/>\nAu Centre Pompidou, \u00e0 l\u2019initiative du Centre de cr\u00e9ation industrielle (CCi) et en liaison avec la Biblioth\u00e8que publique d\u2019information (BPI) et avec le Mus\u00e9e national d\u2019art moderne (MNAM), l\u2019exposition con\u00e7ue par une \u00e9quipe diversifi\u00e9e sous la direction de Jean-Fran\u00e7ois Lyotard, <em>Les Immat\u00e9riaux<\/em>, ouvre ses portes le 28 mars 1985.\u00a0 Elle deviendra une exposition de r\u00e9f\u00e9rence par ses choix esth\u00e9tiques et th\u00e9oriques et les diverses exp\u00e9rimentations qu\u2019elle inaugure, reliant arts, design et philosophie. Un symposium se tient les 21 et 22 mai 2014 au Centre For Digital Cultures, Leuphana Universit\u00e4t, L\u00fcneburg.<br \/>\nLes intervenants sont : Jean-Louis Boissier (FR), Andreas Brockemann (DE), Francesca Gallo(IT), Charlie Gere(UK), Florian Hecker(DE\/US), Yuk Hui (HK\/DE), Robin MacKay(UK), Tim Otto Roth(DE), Anne Elisabeth Sejten(DK), Bernard Stielger(FR), Sven-Olov Wallenstein(SE). L\u2019organisation est de : Yuk Hui, Andreas Broeckmann, Centre for Digital Cultures, Leuphana Universit\u00e4t <a href=\"http:\/\/digitalmilieu.net\/?page_id=607http:\/\/\" target=\"_blank\" rel=\"noopener\">http:\/\/digitalmilieu.net\/?page_id=607<\/a><\/p>\n<p><a href=\"http:\/\/www.rvdv.net\/immateriaux\/wp-content\/uploads\/sites\/8\/2025\/12\/30-years-couv.jpg\" data-rel=\"lightbox-image-0\" data-imagelightbox=\"0\" data-rl_title=\"\" data-rl_caption=\"\" title=\"\"><img loading=\"lazy\" decoding=\"async\" class=\"alignnone wp-image-162\" src=\"http:\/\/www.rvdv.net\/immateriaux\/wp-content\/uploads\/sites\/8\/2025\/12\/30-years-couv.jpg\" alt=\"\" width=\"400\" height=\"600\" srcset=\"https:\/\/www.rvdv.net\/immateriaux\/wp-content\/uploads\/sites\/8\/2025\/12\/30-years-couv.jpg 1200w, https:\/\/www.rvdv.net\/immateriaux\/wp-content\/uploads\/sites\/8\/2025\/12\/30-years-couv-200x300.jpg 200w, https:\/\/www.rvdv.net\/immateriaux\/wp-content\/uploads\/sites\/8\/2025\/12\/30-years-couv-683x1024.jpg 683w, https:\/\/www.rvdv.net\/immateriaux\/wp-content\/uploads\/sites\/8\/2025\/12\/30-years-couv-768x1152.jpg 768w, https:\/\/www.rvdv.net\/immateriaux\/wp-content\/uploads\/sites\/8\/2025\/12\/30-years-couv-1024x1536.jpg 1024w\" sizes=\"auto, (max-width: 400px) 100vw, 400px\" \/><\/a><\/p>\n<p><em>30 Years Les Immat\u00e9riaux<\/em>.<br \/>\nLe livre para\u00eet en 2015, Andreas Broeckmann et Yuk Hui \u00e9diteurs.<br \/>\n(Avec la communication de Jean-Louis Boissier sur l&rsquo;installation interactive avec vid\u00e9odisque <em>Le Bus<\/em>).<\/p>\n<p>Acc\u00e8s \u00e0 l&rsquo;ouvrage : <a href=\"http:\/\/meson.press\/books\/30-years-after-les-immateriaux\">http:\/\/meson.press\/books\/30-years-after-les-immateriaux<\/a>\/.<\/p>\n<p>\u00c0 la suite du symposium de L\u00fcneburg, le 27 novembre 2015, une journ\u00e9e d&rsquo;\u00e9tude et de conf\u00e9rences a lieu au Centre Pompidou, con\u00e7ue par Thierry Dufr\u00eane et Christine Buci-Glucksmann comme une journ\u00e9e d\u2019hommage \u00e0 Jean-Fran\u00e7ois Lyotard.<br \/>\n<a href=\"https:\/\/www.centrepompidou.fr\/fr\/programme\/agenda\/evenement\/cbybgEd\">https:\/\/www.centrepompidou.fr\/fr\/programme\/agenda\/evenement\/cbybgEd<\/a><\/p>\n<p><a href=\"http:\/\/www.rvdv.net\/immateriaux\/wp-content\/uploads\/sites\/8\/2025\/12\/ddd_affiche_immat_light_201609-scaled.jpg\" data-rel=\"lightbox-image-1\" data-imagelightbox=\"1\" data-rl_title=\"\" data-rl_caption=\"\" title=\"\"><img loading=\"lazy\" decoding=\"async\" class=\"alignnone size-full wp-image-174\" src=\"http:\/\/www.rvdv.net\/immateriaux\/wp-content\/uploads\/sites\/8\/2025\/12\/ddd_affiche_immat_light_201609-scaled.jpg\" alt=\"\" width=\"2560\" height=\"1920\" srcset=\"https:\/\/www.rvdv.net\/immateriaux\/wp-content\/uploads\/sites\/8\/2025\/12\/ddd_affiche_immat_light_201609-scaled.jpg 2560w, https:\/\/www.rvdv.net\/immateriaux\/wp-content\/uploads\/sites\/8\/2025\/12\/ddd_affiche_immat_light_201609-300x225.jpg 300w, https:\/\/www.rvdv.net\/immateriaux\/wp-content\/uploads\/sites\/8\/2025\/12\/ddd_affiche_immat_light_201609-1024x768.jpg 1024w, https:\/\/www.rvdv.net\/immateriaux\/wp-content\/uploads\/sites\/8\/2025\/12\/ddd_affiche_immat_light_201609-768x576.jpg 768w, https:\/\/www.rvdv.net\/immateriaux\/wp-content\/uploads\/sites\/8\/2025\/12\/ddd_affiche_immat_light_201609-1536x1152.jpg 1536w, https:\/\/www.rvdv.net\/immateriaux\/wp-content\/uploads\/sites\/8\/2025\/12\/ddd_affiche_immat_light_201609-2048x1536.jpg 2048w\" sizes=\"auto, (max-width: 2560px) 100vw, 2560px\" \/><\/a><\/p>\n<p>Un autre d\u00e9veloppement figure dans l&rsquo;installation documentaire, pr\u00e9par\u00e9e par Jean-Louis Boissier, qui \u00a0figure dans l&rsquo;exposition \u00ab Materiality-Immateriality \u00bb, Kyoto ddd Gallery, en septembre-octobre 2016. Le 9 septembre, un symposium se tient \u00e0 l&rsquo;Institut fran\u00e7ais du Kansai, Kyoto, avec le soutien du laboratoire Labex Arts H2H.<\/p>\n","protected":false},"excerpt":{"rendered":"<p>\u00ab\u00a030 Years after Les Immat\u00e9riaux \u00bb (Mai 2014, L\u00fcneburg, colloque du 30e anniversaire). Au Centre Pompidou, \u00e0 l\u2019initiative du Centre de cr\u00e9ation industrielle (CCi) et en liaison avec la Biblioth\u00e8que publique d\u2019information (BPI) et avec le Mus\u00e9e national d\u2019art moderne (MNAM), l\u2019exposition con\u00e7ue par une \u00e9quipe diversifi\u00e9e sous la direction de Jean-Fran\u00e7ois Lyotard, Les Immat\u00e9riaux, &hellip; <a href=\"https:\/\/www.rvdv.net\/immateriaux\/les-immateriaux-liste-des-pages-de-documents\/30e-anniversaire\/\" class=\"more-link\">Continuer la lecture de <span class=\"screen-reader-text\">30e anniversaire, L\u00fcneburg, Paris, Kyoto<\/span><\/a><\/p>\n","protected":false},"author":2,"featured_media":0,"parent":6,"menu_order":3,"comment_status":"closed","ping_status":"closed","template":"","meta":{"footnotes":""},"class_list":["post-148","page","type-page","status-publish","hentry"],"_links":{"self":[{"href":"https:\/\/www.rvdv.net\/immateriaux\/wp-json\/wp\/v2\/pages\/148","targetHints":{"allow":["GET"]}}],"collection":[{"href":"https:\/\/www.rvdv.net\/immateriaux\/wp-json\/wp\/v2\/pages"}],"about":[{"href":"https:\/\/www.rvdv.net\/immateriaux\/wp-json\/wp\/v2\/types\/page"}],"author":[{"embeddable":true,"href":"https:\/\/www.rvdv.net\/immateriaux\/wp-json\/wp\/v2\/users\/2"}],"replies":[{"embeddable":true,"href":"https:\/\/www.rvdv.net\/immateriaux\/wp-json\/wp\/v2\/comments?post=148"}],"version-history":[{"count":18,"href":"https:\/\/www.rvdv.net\/immateriaux\/wp-json\/wp\/v2\/pages\/148\/revisions"}],"predecessor-version":[{"id":192,"href":"https:\/\/www.rvdv.net\/immateriaux\/wp-json\/wp\/v2\/pages\/148\/revisions\/192"}],"up":[{"embeddable":true,"href":"https:\/\/www.rvdv.net\/immateriaux\/wp-json\/wp\/v2\/pages\/6"}],"wp:attachment":[{"href":"https:\/\/www.rvdv.net\/immateriaux\/wp-json\/wp\/v2\/media?parent=148"}],"curies":[{"name":"wp","href":"https:\/\/api.w.org\/{rel}","templated":true}]}}

30e anniversaire, Lüneburg, Paris, Kyoto

<p><img loading="lazy" decoding="async" class="alignnone wp-image-152" src="http://www.rvdv.net/immateriaux/wp-content/uploads/sites/8/2025/12/image-3.jpeg" alt="" width="400" height="583" srcset="https://www.rvdv.net/immateriaux/wp-content/uploads/sites/8/2025/12/image-3.jpeg 484w, https://www.rvdv.net/immateriaux/wp-content/uploads/sites/8/2025/12/image-3-206x300.jpeg 206w" sizes="auto, (max-width: 400px) 100vw, 400px" /></p>
<p>« 30 Years after Les Immatériaux » (Mai 2014, Lüneburg, colloque du 30e anniversaire).<br />
Au Centre Pompidou, à l’initiative du Centre de création industrielle (CCi) et en liaison avec la Bibliothèque publique d’information (BPI) et avec le Musée national d’art moderne (MNAM), l’exposition conçue par une équipe diversifiée sous la direction de Jean-François Lyotard, <em>Les Immatériaux</em>, ouvre ses portes le 28 mars 1985.  Elle deviendra une exposition de référence par ses choix esthétiques et théoriques et les diverses expérimentations qu’elle inaugure, reliant arts, design et philosophie. Un symposium se tient les 21 et 22 mai 2014 au Centre For Digital Cultures, Leuphana Universität, Lüneburg.<br />
Les intervenants sont : Jean-Louis Boissier (FR), Andreas Brockemann (DE), Francesca Gallo(IT), Charlie Gere(UK), Florian Hecker(DE/US), Yuk Hui (HK/DE), Robin MacKay(UK), Tim Otto Roth(DE), Anne Elisabeth Sejten(DK), Bernard Stielger(FR), Sven-Olov Wallenstein(SE). L’organisation est de : Yuk Hui, Andreas Broeckmann, Centre for Digital Cultures, Leuphana Universität <a href="http://digitalmilieu.net/?page_id=607http://" target="_blank" rel="noopener">http://digitalmilieu.net/?page_id=607</a></p>
<p><a href="http://www.rvdv.net/immateriaux/wp-content/uploads/sites/8/2025/12/30-years-couv.jpg" data-rel="lightbox-image-0" data-imagelightbox="0" data-rl_title="" data-rl_caption="" title=""><img loading="lazy" decoding="async" class="alignnone wp-image-162" src="http://www.rvdv.net/immateriaux/wp-content/uploads/sites/8/2025/12/30-years-couv.jpg" alt="" width="400" height="600" srcset="https://www.rvdv.net/immateriaux/wp-content/uploads/sites/8/2025/12/30-years-couv.jpg 1200w, https://www.rvdv.net/immateriaux/wp-content/uploads/sites/8/2025/12/30-years-couv-200x300.jpg 200w, https://www.rvdv.net/immateriaux/wp-content/uploads/sites/8/2025/12/30-years-couv-683x1024.jpg 683w, https://www.rvdv.net/immateriaux/wp-content/uploads/sites/8/2025/12/30-years-couv-768x1152.jpg 768w, https://www.rvdv.net/immateriaux/wp-content/uploads/sites/8/2025/12/30-years-couv-1024x1536.jpg 1024w" sizes="auto, (max-width: 400px) 100vw, 400px" /></a></p>
<p><em>30 Years Les Immatériaux</em>.<br />
Le livre paraît en 2015, Andreas Broeckmann et Yuk Hui éditeurs.<br />
(Avec la communication de Jean-Louis Boissier sur l&rsquo;installation interactive avec vidéodisque <em>Le Bus</em>).</p>
<p>Accès à l&rsquo;ouvrage : <a href="http://meson.press/books/30-years-after-les-immateriaux">http://meson.press/books/30-years-after-les-immateriaux</a>/.</p>
<p>À la suite du symposium de Lüneburg, le 27 novembre 2015, une journée d&rsquo;étude et de conférences a lieu au Centre Pompidou, conçue par Thierry Dufrêne et Christine Buci-Glucksmann comme une journée d’hommage à Jean-François Lyotard.<br />
<a href="https://www.centrepompidou.fr/fr/programme/agenda/evenement/cbybgEd">https://www.centrepompidou.fr/fr/programme/agenda/evenement/cbybgEd</a></p>
<p><a href="http://www.rvdv.net/immateriaux/wp-content/uploads/sites/8/2025/12/ddd_affiche_immat_light_201609-scaled.jpg" data-rel="lightbox-image-1" data-imagelightbox="1" data-rl_title="" data-rl_caption="" title=""><img loading="lazy" decoding="async" class="alignnone size-full wp-image-174" src="http://www.rvdv.net/immateriaux/wp-content/uploads/sites/8/2025/12/ddd_affiche_immat_light_201609-scaled.jpg" alt="" width="2560" height="1920" srcset="https://www.rvdv.net/immateriaux/wp-content/uploads/sites/8/2025/12/ddd_affiche_immat_light_201609-scaled.jpg 2560w, https://www.rvdv.net/immateriaux/wp-content/uploads/sites/8/2025/12/ddd_affiche_immat_light_201609-300x225.jpg 300w, https://www.rvdv.net/immateriaux/wp-content/uploads/sites/8/2025/12/ddd_affiche_immat_light_201609-1024x768.jpg 1024w, https://www.rvdv.net/immateriaux/wp-content/uploads/sites/8/2025/12/ddd_affiche_immat_light_201609-768x576.jpg 768w, https://www.rvdv.net/immateriaux/wp-content/uploads/sites/8/2025/12/ddd_affiche_immat_light_201609-1536x1152.jpg 1536w, https://www.rvdv.net/immateriaux/wp-content/uploads/sites/8/2025/12/ddd_affiche_immat_light_201609-2048x1536.jpg 2048w" sizes="auto, (max-width: 2560px) 100vw, 2560px" /></a></p>
<p>Un autre développement figure dans l&rsquo;installation documentaire, préparée par Jean-Louis Boissier, qui  figure dans l&rsquo;exposition « Materiality-Immateriality », Kyoto ddd Gallery, en septembre-octobre 2016. Le 9 septembre, un symposium se tient à l&rsquo;Institut français du Kansai, Kyoto, avec le soutien du laboratoire Labex Arts H2H.</p>

<p>« 30 Years after Les Immatériaux » (Mai 2014, Lüneburg, colloque du 30e anniversaire). Au Centre Pompidou, à l’initiative du Centre de création industrielle (CCi) et en liaison avec la Bibliothèque publique d’information (BPI) et avec le Musée national d’art moderne (MNAM), l’exposition conçue par une équipe diversifiée sous la direction de Jean-François Lyotard, Les Immatériaux, &hellip; <a href="https://www.rvdv.net/immateriaux/les-immateriaux-liste-des-pages-de-documents/30e-anniversaire/" class="more-link">Continuer la lecture de <span class="screen-reader-text">30e anniversaire, Lüneburg, Paris, Kyoto</span></a></p>
