{"id":166,"date":"2025-12-03T23:34:32","date_gmt":"2025-12-03T22:34:32","guid":{"rendered":"https:\/\/www.rvdv.net\/immateriaux\/?page_id=166"},"modified":"2025-12-04T19:54:48","modified_gmt":"2025-12-04T18:54:48","slug":"40e-anniversaire-karlsruhe-paris","status":"publish","type":"page","link":"https:\/\/www.rvdv.net\/immateriaux\/les-immateriaux-liste-des-pages-de-documents\/40e-anniversaire-karlsruhe-paris\/","title":{"rendered":"40e anniversaire, ZKM, Centre Pompidou"},"content":{"rendered":"<p>&nbsp;<\/p>\n<p><a href=\"http:\/\/www.rvdv.net\/immateriaux\/wp-content\/uploads\/sites\/8\/2025\/12\/csm_Screenshot_2023-05-06_at_01.37.28_2ac851deb9.jpg\" data-rel=\"lightbox-image-0\" data-imagelightbox=\"0\" data-rl_title=\"\" data-rl_caption=\"\" title=\"\"><img loading=\"lazy\" decoding=\"async\" class=\"alignnone size-full wp-image-171\" src=\"http:\/\/www.rvdv.net\/immateriaux\/wp-content\/uploads\/sites\/8\/2025\/12\/csm_Screenshot_2023-05-06_at_01.37.28_2ac851deb9.jpg\" alt=\"\" width=\"1100\" height=\"617\" srcset=\"https:\/\/www.rvdv.net\/immateriaux\/wp-content\/uploads\/sites\/8\/2025\/12\/csm_Screenshot_2023-05-06_at_01.37.28_2ac851deb9.jpg 1100w, https:\/\/www.rvdv.net\/immateriaux\/wp-content\/uploads\/sites\/8\/2025\/12\/csm_Screenshot_2023-05-06_at_01.37.28_2ac851deb9-300x168.jpg 300w, https:\/\/www.rvdv.net\/immateriaux\/wp-content\/uploads\/sites\/8\/2025\/12\/csm_Screenshot_2023-05-06_at_01.37.28_2ac851deb9-1024x574.jpg 1024w, https:\/\/www.rvdv.net\/immateriaux\/wp-content\/uploads\/sites\/8\/2025\/12\/csm_Screenshot_2023-05-06_at_01.37.28_2ac851deb9-768x431.jpg 768w\" sizes=\"auto, (max-width: 1100px) 100vw, 1100px\" \/><\/a><\/p>\n<p>D\u00e9tail de la reconstitution virtuelle des <em>Immat\u00e9riaux.<\/em> Site \u00ab Toutes les copies \u00bb, dans le cadre du projet de recherche \u00ab\u00a0Beyond Matter\u00a0\u00bb.<\/p>\n<p><strong>\u00ab Matter. Non-Matter. Anti-Matter. \u00bb<\/strong><br \/>\nExposition du ZKM, Karlsruhe, d\u00e9cembre 2022 &#8211; avril 2023.<\/p>\n<p><a href=\"http:\/\/www.rvdv.net\/immateriaux\/wp-content\/uploads\/sites\/8\/2025\/12\/ttes_les_copies_zkm_light_20221202-scaled.jpg\" data-rel=\"lightbox-image-1\" data-imagelightbox=\"1\" data-rl_title=\"\" data-rl_caption=\"\" title=\"\"><img loading=\"lazy\" decoding=\"async\" class=\"alignnone size-full wp-image-180\" src=\"http:\/\/www.rvdv.net\/immateriaux\/wp-content\/uploads\/sites\/8\/2025\/12\/ttes_les_copies_zkm_light_20221202-scaled.jpg\" alt=\"\" width=\"2560\" height=\"1920\" srcset=\"https:\/\/www.rvdv.net\/immateriaux\/wp-content\/uploads\/sites\/8\/2025\/12\/ttes_les_copies_zkm_light_20221202-scaled.jpg 2560w, https:\/\/www.rvdv.net\/immateriaux\/wp-content\/uploads\/sites\/8\/2025\/12\/ttes_les_copies_zkm_light_20221202-300x225.jpg 300w, https:\/\/www.rvdv.net\/immateriaux\/wp-content\/uploads\/sites\/8\/2025\/12\/ttes_les_copies_zkm_light_20221202-768x576.jpg 768w, https:\/\/www.rvdv.net\/immateriaux\/wp-content\/uploads\/sites\/8\/2025\/12\/ttes_les_copies_zkm_light_20221202-1536x1152.jpg 1536w, https:\/\/www.rvdv.net\/immateriaux\/wp-content\/uploads\/sites\/8\/2025\/12\/ttes_les_copies_zkm_light_20221202-2048x1536.jpg 2048w\" sizes=\"auto, (max-width: 2560px) 100vw, 2560px\" \/><\/a><\/p>\n<p>Reconstitution \u00e0 l&rsquo;identique de l&rsquo;installation <em>Toutes les copies<\/em>, con\u00e7ue par Liliane Terrier.<\/p>\n<p><a href=\"https:\/\/zkm.de\/en\/exhibition\/2022\/12\/matter-non-matter-anti-matter\">https:\/\/zkm.de\/en\/exhibition\/2022\/12\/matter-non-matter-anti-matter<\/a><\/p>\n<p><strong>\u00ab Les Immat\u00e9riaux \u00bb (1985) Aper\u00e7us d&rsquo;une <em>manifestation<\/em> postmoderne<br \/>\n<\/strong>Exposition du Centre Pompidou du 5 juillet 2023 au 8 janvier 2024.<br \/>\nEspace des Collections film, vid\u00e9o, son et \u0153uvres num\u00e9riques. Mus\u00e9e, niveau 4.<br \/>\n<span class=\"text-bold\"><br \/>\nPropos : Sous le commissariat du philosophe Jean-Fran\u00e7ois Lyotard et du th\u00e9oricien du design Thierry Chaput<\/span>, accompagn\u00e9s d\u2019une \u00e9quipe de conseillers scientifiques, l\u2019exposition <em>Les Immat\u00e9riaux<\/em> a \u00e9t\u00e9 pr\u00e9sent\u00e9e en 1985 dans la Grande Galerie, au niveau 6 du Centre Pompidou. Les commissaires ont pr\u00e9f\u00e9r\u00e9 utiliser le terme de <em>manifestation<\/em> afin de <span class=\"text-bold\">se d\u00e9marquer des canons de l\u2019exposition d\u2019art autant que de la tradition des expositions universelles de sciences et techniques<\/span>.\u00a0Il s\u2019agissait de plonger le public dans <span class=\"text-bold\">une exp\u00e9rience nouvelle de \u00ab\u00a0navigation\u00a0\u00bb<\/span>, de \u00ab\u00a0faire \u00e9prouver le sentiment de l\u2019ach\u00e8vement d\u2019une p\u00e9riode et la curiosit\u00e9 inqui\u00e8te qui na\u00eet \u00e0 l\u2019aube de la postmodernit\u00e9\u00a0\u00bb en <span class=\"text-bold\">explorant un tournant \u00e9pist\u00e9mologique\u00a0: les pr\u00e9mices d\u2019une soci\u00e9t\u00e9 informatis\u00e9e amen\u00e9e \u00e0 remodeler la relation de l\u2019humain au monde<\/span>.<\/p>\n<p><a href=\"https:\/\/www.centrepompidou.fr\/fr\/collection\/films-et-nouveaux-medias\/les-immateriaux\">https:\/\/www.centrepompidou.fr\/fr\/collection\/films-et-nouveaux-medias\/les-immateriaux<\/a><\/p>\n<p><b>\u00ab Journ\u00e9es d\u2019\u00e9tude <em>Les Immat\u00e9riaux<\/em> \u00bb, <\/b>Biblioth\u00e8que Kandinsky, Paris, 9 et 10 juin 2023<\/p>\n<p>Communication de Jean-Louis Boissier, \u00ab <em>Les Immat\u00e9riaux<\/em> \u00e0 travers leurs mots \u00bb. <a href=\"http:\/\/rvdv.net\/wp-pdf\/immateriaux_bk_jlb_202306.pdf\"><br \/>\n(Version pdf \u00e0 t\u00e9l\u00e9charger).<\/a><\/p>\n<p><strong><em>The Making of Les Immat\u00e9riaux<\/em>, 2025<\/strong><\/p>\n<p><a href=\"http:\/\/www.rvdv.net\/immateriaux\/wp-content\/uploads\/sites\/8\/2025\/12\/making_of_immateriaux.jpg\" data-rel=\"lightbox-image-2\" data-imagelightbox=\"2\" data-rl_title=\"\" data-rl_caption=\"\" title=\"\"><img loading=\"lazy\" decoding=\"async\" class=\"alignnone wp-image-176\" src=\"http:\/\/www.rvdv.net\/immateriaux\/wp-content\/uploads\/sites\/8\/2025\/12\/making_of_immateriaux.jpg\" alt=\"\" width=\"360\" height=\"522\" srcset=\"https:\/\/www.rvdv.net\/immateriaux\/wp-content\/uploads\/sites\/8\/2025\/12\/making_of_immateriaux.jpg 946w, https:\/\/www.rvdv.net\/immateriaux\/wp-content\/uploads\/sites\/8\/2025\/12\/making_of_immateriaux-207x300.jpg 207w, https:\/\/www.rvdv.net\/immateriaux\/wp-content\/uploads\/sites\/8\/2025\/12\/making_of_immateriaux-706x1024.jpg 706w, https:\/\/www.rvdv.net\/immateriaux\/wp-content\/uploads\/sites\/8\/2025\/12\/making_of_immateriaux-768x1115.jpg 768w\" sizes=\"auto, (max-width: 360px) 100vw, 360px\" \/><\/a><\/p>\n<div class=\"title-wrapper\">Un aboutissement de la recherche conduite par Andreas Broeckmann, en 2025, la publication de <em>The Making of Les Immat\u00e9riaux.<\/em><\/div>\n<p>&nbsp;<\/p>\n<p>The exhibition <em>Les Immat\u00e9riaux<\/em> was presented at the Centre Pompidou in Paris in 1985. Curated by the philosopher Jean-Fran\u00e7ois Lyotard and design theoretician Thierry Chaput, it is widely regarded as a landmark in the history of postmodern philosophy, as well as for discourses around art, science and digital culture.<br \/>\nBroeckmann\u2019s book provides the first comprehensive account of the preparation of this epochal event. It shows how the exhibition resulted from multiple, collaborative and interdisciplinary trajectories in such diverse fields as contemporary art, architecture, science, and network media. Based on extensive archival research, <em>The Making of Les Immat\u00e9riaux <\/em>offers detailed insights into the curatorial process. Throughout its ten chapters, the book highlights the different forms of cooperation among the people involved in the conception of the exhibition, including Lyotard, Chaput, the team at the Centre de Cr\u00e9ation Industrielle, and their consultations with artists, theorists, and scientists.<br \/>\n<em>Les Immat\u00e9riaux<\/em> marks a pivotal point in the history of exhibitions in the 20th century because it gave important impulses for the organisation, design and structure of interdisciplinary exhibitions. Broeckmann discusses the place of <em>Les Immat\u00e9riaux<\/em> in the broader context of this history, examining the epistemology of exhibits, curatorial agency, and interdisciplinarity in research networks. The book takes up current questions about the relationship between materiality and immateriality, between subjectivity and thinghood, and shows how <em>Les Immat\u00e9riaux <\/em>continues to offer a significant contribution to debates that over the last decades have become ever more urgent.<\/p>\n<p>Acc\u00e8s \u00e0 l&rsquo;ouvrage :<\/p>\n<blockquote class=\"wp-embedded-content\" data-secret=\"hAOf5qRWOD\"><p><a href=\"https:\/\/meson.press\/books\/the-making-of-les-immateriaux\/\">The Making of Les Immat\u00e9riaux<\/a><\/p><\/blockquote>\n<p><iframe loading=\"lazy\" class=\"wp-embedded-content\" sandbox=\"allow-scripts\" security=\"restricted\" style=\"position: absolute; visibility: hidden;\" title=\"&#8220;The Making of Les Immat\u00e9riaux&#8221; &#8212; meson press\" src=\"https:\/\/meson.press\/books\/the-making-of-les-immateriaux\/embed\/#?secret=pO8DLTu9lR#?secret=hAOf5qRWOD\" data-secret=\"hAOf5qRWOD\" width=\"600\" height=\"338\" frameborder=\"0\" marginwidth=\"0\" marginheight=\"0\" scrolling=\"no\"><\/iframe><\/p>\n<p>&nbsp;<\/p>\n","protected":false},"excerpt":{"rendered":"<p>&nbsp; D\u00e9tail de la reconstitution virtuelle des Immat\u00e9riaux. Site \u00ab Toutes les copies \u00bb, dans le cadre du projet de recherche \u00ab\u00a0Beyond Matter\u00a0\u00bb. \u00ab Matter. Non-Matter. Anti-Matter. \u00bb Exposition du ZKM, Karlsruhe, d\u00e9cembre 2022 &#8211; avril 2023. Reconstitution \u00e0 l&rsquo;identique de l&rsquo;installation Toutes les copies, con\u00e7ue par Liliane Terrier. https:\/\/zkm.de\/en\/exhibition\/2022\/12\/matter-non-matter-anti-matter \u00ab Les Immat\u00e9riaux \u00bb (1985) &hellip; <a href=\"https:\/\/www.rvdv.net\/immateriaux\/les-immateriaux-liste-des-pages-de-documents\/40e-anniversaire-karlsruhe-paris\/\" class=\"more-link\">Continuer la lecture de <span class=\"screen-reader-text\">40e anniversaire, ZKM, Centre Pompidou<\/span><\/a><\/p>\n","protected":false},"author":2,"featured_media":0,"parent":6,"menu_order":4,"comment_status":"closed","ping_status":"closed","template":"","meta":{"footnotes":""},"class_list":["post-166","page","type-page","status-publish","hentry"],"_links":{"self":[{"href":"https:\/\/www.rvdv.net\/immateriaux\/wp-json\/wp\/v2\/pages\/166","targetHints":{"allow":["GET"]}}],"collection":[{"href":"https:\/\/www.rvdv.net\/immateriaux\/wp-json\/wp\/v2\/pages"}],"about":[{"href":"https:\/\/www.rvdv.net\/immateriaux\/wp-json\/wp\/v2\/types\/page"}],"author":[{"embeddable":true,"href":"https:\/\/www.rvdv.net\/immateriaux\/wp-json\/wp\/v2\/users\/2"}],"replies":[{"embeddable":true,"href":"https:\/\/www.rvdv.net\/immateriaux\/wp-json\/wp\/v2\/comments?post=166"}],"version-history":[{"count":26,"href":"https:\/\/www.rvdv.net\/immateriaux\/wp-json\/wp\/v2\/pages\/166\/revisions"}],"predecessor-version":[{"id":291,"href":"https:\/\/www.rvdv.net\/immateriaux\/wp-json\/wp\/v2\/pages\/166\/revisions\/291"}],"up":[{"embeddable":true,"href":"https:\/\/www.rvdv.net\/immateriaux\/wp-json\/wp\/v2\/pages\/6"}],"wp:attachment":[{"href":"https:\/\/www.rvdv.net\/immateriaux\/wp-json\/wp\/v2\/media?parent=166"}],"curies":[{"name":"wp","href":"https:\/\/api.w.org\/{rel}","templated":true}]}}

<p>&nbsp;</p>
<p><a href="http://www.rvdv.net/immateriaux/wp-content/uploads/sites/8/2025/12/csm_Screenshot_2023-05-06_at_01.37.28_2ac851deb9.jpg" data-rel="lightbox-image-0" data-imagelightbox="0" data-rl_title="" data-rl_caption="" title=""><img loading="lazy" decoding="async" class="alignnone size-full wp-image-171" src="http://www.rvdv.net/immateriaux/wp-content/uploads/sites/8/2025/12/csm_Screenshot_2023-05-06_at_01.37.28_2ac851deb9.jpg" alt="" width="1100" height="617" srcset="https://www.rvdv.net/immateriaux/wp-content/uploads/sites/8/2025/12/csm_Screenshot_2023-05-06_at_01.37.28_2ac851deb9.jpg 1100w, https://www.rvdv.net/immateriaux/wp-content/uploads/sites/8/2025/12/csm_Screenshot_2023-05-06_at_01.37.28_2ac851deb9-300x168.jpg 300w, https://www.rvdv.net/immateriaux/wp-content/uploads/sites/8/2025/12/csm_Screenshot_2023-05-06_at_01.37.28_2ac851deb9-1024x574.jpg 1024w, https://www.rvdv.net/immateriaux/wp-content/uploads/sites/8/2025/12/csm_Screenshot_2023-05-06_at_01.37.28_2ac851deb9-768x431.jpg 768w" sizes="auto, (max-width: 1100px) 100vw, 1100px" /></a></p>
<p>Détail de la reconstitution virtuelle des <em>Immatériaux.</em> Site « Toutes les copies », dans le cadre du projet de recherche « Beyond Matter ».</p>
<p><strong>« Matter. Non-Matter. Anti-Matter. »</strong><br />
Exposition du ZKM, Karlsruhe, décembre 2022 &#8211; avril 2023.</p>
<p><a href="http://www.rvdv.net/immateriaux/wp-content/uploads/sites/8/2025/12/ttes_les_copies_zkm_light_20221202-scaled.jpg" data-rel="lightbox-image-1" data-imagelightbox="1" data-rl_title="" data-rl_caption="" title=""><img loading="lazy" decoding="async" class="alignnone size-full wp-image-180" src="http://www.rvdv.net/immateriaux/wp-content/uploads/sites/8/2025/12/ttes_les_copies_zkm_light_20221202-scaled.jpg" alt="" width="2560" height="1920" srcset="https://www.rvdv.net/immateriaux/wp-content/uploads/sites/8/2025/12/ttes_les_copies_zkm_light_20221202-scaled.jpg 2560w, https://www.rvdv.net/immateriaux/wp-content/uploads/sites/8/2025/12/ttes_les_copies_zkm_light_20221202-300x225.jpg 300w, https://www.rvdv.net/immateriaux/wp-content/uploads/sites/8/2025/12/ttes_les_copies_zkm_light_20221202-768x576.jpg 768w, https://www.rvdv.net/immateriaux/wp-content/uploads/sites/8/2025/12/ttes_les_copies_zkm_light_20221202-1536x1152.jpg 1536w, https://www.rvdv.net/immateriaux/wp-content/uploads/sites/8/2025/12/ttes_les_copies_zkm_light_20221202-2048x1536.jpg 2048w" sizes="auto, (max-width: 2560px) 100vw, 2560px" /></a></p>
<p>Reconstitution à l&rsquo;identique de l&rsquo;installation <em>Toutes les copies</em>, conçue par Liliane Terrier.</p>
<p><a href="https://zkm.de/en/exhibition/2022/12/matter-non-matter-anti-matter">https://zkm.de/en/exhibition/2022/12/matter-non-matter-anti-matter</a></p>
<p><strong>« Les Immatériaux » (1985) Aperçus d&rsquo;une <em>manifestation</em> postmoderne<br />
</strong>Exposition du Centre Pompidou du 5 juillet 2023 au 8 janvier 2024.<br />
Espace des Collections film, vidéo, son et œuvres numériques. Musée, niveau 4.<br />
<span class="text-bold"><br />
Propos : Sous le commissariat du philosophe Jean-François Lyotard et du théoricien du design Thierry Chaput</span>, accompagnés d’une équipe de conseillers scientifiques, l’exposition <em>Les Immatériaux</em> a été présentée en 1985 dans la Grande Galerie, au niveau 6 du Centre Pompidou. Les commissaires ont préféré utiliser le terme de <em>manifestation</em> afin de <span class="text-bold">se démarquer des canons de l’exposition d’art autant que de la tradition des expositions universelles de sciences et techniques</span>. Il s’agissait de plonger le public dans <span class="text-bold">une expérience nouvelle de « navigation »</span>, de « faire éprouver le sentiment de l’achèvement d’une période et la curiosité inquiète qui naît à l’aube de la postmodernité » en <span class="text-bold">explorant un tournant épistémologique : les prémices d’une société informatisée amenée à remodeler la relation de l’humain au monde</span>.</p>
<p><a href="https://www.centrepompidou.fr/fr/collection/films-et-nouveaux-medias/les-immateriaux">https://www.centrepompidou.fr/fr/collection/films-et-nouveaux-medias/les-immateriaux</a></p>
<p><b>« Journées d’étude <em>Les Immatériaux</em> », </b>Bibliothèque Kandinsky, Paris, 9 et 10 juin 2023</p>
<p>Communication de Jean-Louis Boissier, « <em>Les Immatériaux</em> à travers leurs mots ». <a href="http://rvdv.net/wp-pdf/immateriaux_bk_jlb_202306.pdf"><br />
(Version pdf à télécharger).</a></p>
<p><strong><em>The Making of Les Immatériaux</em>, 2025</strong></p>
<p><a href="http://www.rvdv.net/immateriaux/wp-content/uploads/sites/8/2025/12/making_of_immateriaux.jpg" data-rel="lightbox-image-2" data-imagelightbox="2" data-rl_title="" data-rl_caption="" title=""><img loading="lazy" decoding="async" class="alignnone wp-image-176" src="http://www.rvdv.net/immateriaux/wp-content/uploads/sites/8/2025/12/making_of_immateriaux.jpg" alt="" width="360" height="522" srcset="https://www.rvdv.net/immateriaux/wp-content/uploads/sites/8/2025/12/making_of_immateriaux.jpg 946w, https://www.rvdv.net/immateriaux/wp-content/uploads/sites/8/2025/12/making_of_immateriaux-207x300.jpg 207w, https://www.rvdv.net/immateriaux/wp-content/uploads/sites/8/2025/12/making_of_immateriaux-706x1024.jpg 706w, https://www.rvdv.net/immateriaux/wp-content/uploads/sites/8/2025/12/making_of_immateriaux-768x1115.jpg 768w" sizes="auto, (max-width: 360px) 100vw, 360px" /></a></p>
<div class="title-wrapper">Un aboutissement de la recherche conduite par Andreas Broeckmann, en 2025, la publication de <em>The Making of Les Immatériaux.</em></div>
<p>&nbsp;</p>
<p>The exhibition <em>Les Immatériaux</em> was presented at the Centre Pompidou in Paris in 1985. Curated by the philosopher Jean-François Lyotard and design theoretician Thierry Chaput, it is widely regarded as a landmark in the history of postmodern philosophy, as well as for discourses around art, science and digital culture.<br />
Broeckmann’s book provides the first comprehensive account of the preparation of this epochal event. It shows how the exhibition resulted from multiple, collaborative and interdisciplinary trajectories in such diverse fields as contemporary art, architecture, science, and network media. Based on extensive archival research, <em>The Making of Les Immatériaux </em>offers detailed insights into the curatorial process. Throughout its ten chapters, the book highlights the different forms of cooperation among the people involved in the conception of the exhibition, including Lyotard, Chaput, the team at the Centre de Création Industrielle, and their consultations with artists, theorists, and scientists.<br />
<em>Les Immatériaux</em> marks a pivotal point in the history of exhibitions in the 20th century because it gave important impulses for the organisation, design and structure of interdisciplinary exhibitions. Broeckmann discusses the place of <em>Les Immatériaux</em> in the broader context of this history, examining the epistemology of exhibits, curatorial agency, and interdisciplinarity in research networks. The book takes up current questions about the relationship between materiality and immateriality, between subjectivity and thinghood, and shows how <em>Les Immatériaux </em>continues to offer a significant contribution to debates that over the last decades have become ever more urgent.</p>
<p>Accès à l&rsquo;ouvrage :</p>
<blockquote class="wp-embedded-content" data-secret="hAOf5qRWOD"><p><a href="https://meson.press/books/the-making-of-les-immateriaux/">The Making of Les Immatériaux</a></p></blockquote>
<p><iframe loading="lazy" class="wp-embedded-content" sandbox="allow-scripts" security="restricted" style="position: absolute; visibility: hidden;" title="&#8220;The Making of Les Immatériaux&#8221; &#8212; meson press" src="https://meson.press/books/the-making-of-les-immateriaux/embed/#?secret=pO8DLTu9lR#?secret=hAOf5qRWOD" data-secret="hAOf5qRWOD" width="600" height="338" frameborder="0" marginwidth="0" marginheight="0" scrolling="no"></iframe></p>
<p>&nbsp;</p>

<p>&nbsp; Détail de la reconstitution virtuelle des Immatériaux. Site « Toutes les copies », dans le cadre du projet de recherche « Beyond Matter ». « Matter. Non-Matter. Anti-Matter. » Exposition du ZKM, Karlsruhe, décembre 2022 &#8211; avril 2023. Reconstitution à l&rsquo;identique de l&rsquo;installation Toutes les copies, conçue par Liliane Terrier. https://zkm.de/en/exhibition/2022/12/matter-non-matter-anti-matter « Les Immatériaux » (1985) &hellip; <a href="https://www.rvdv.net/immateriaux/les-immateriaux-liste-des-pages-de-documents/40e-anniversaire-karlsruhe-paris/" class="more-link">Continuer la lecture de <span class="screen-reader-text">40e anniversaire, ZKM, Centre Pompidou</span></a></p>
