{"id":111,"date":"2026-03-30T18:11:42","date_gmt":"2026-03-30T16:11:42","guid":{"rendered":"https:\/\/www.rvdv.net\/leurslumieres\/?page_id=111"},"modified":"2026-03-30T18:11:49","modified_gmt":"2026-03-30T16:11:49","slug":"10-julie-morel","status":"publish","type":"page","link":"https:\/\/www.rvdv.net\/leurslumieres\/page-d-exemple\/10-julie-morel\/","title":{"rendered":"10. Julie Morel"},"content":{"rendered":"<p><em>Light my Fire<\/em><br \/>\nInstallation, 2011-2012<br \/>\nPapier peint s\u00e9rigraphi\u00e9 \u00e0 l\u2019encre phosphorescente, lampes halog\u00e8nes, minuteur, 2,80 m x 3,20 m<br \/>\nS\u00e9rigraphie\u00a0: La presse pur\u00e9e, Rennes<br \/>\nProduction\u00a0: Maison Populaire, Montreuil; Conseil G\u00e9n\u00e9ral de Seine-Saint Denis, Minist\u00e8re de la Culture\u2028; Minist\u00e8re de la Culture<br \/>\nRemerciements : Alexis Chazard, Jocelyne Qu\u00e9lo, Guillaume Constantin<\/p>\n<p><img loading=\"lazy\" decoding=\"async\" class=\"alignnone size-full wp-image-113\" src=\"https:\/\/www.rvdv.net\/leurslumieres\/wp-content\/uploads\/sites\/9\/2026\/03\/2-LIGHT-MY-FIRE.jpg\" alt=\"\" width=\"640\" height=\"909\" srcset=\"https:\/\/www.rvdv.net\/leurslumieres\/wp-content\/uploads\/sites\/9\/2026\/03\/2-LIGHT-MY-FIRE.jpg 640w, https:\/\/www.rvdv.net\/leurslumieres\/wp-content\/uploads\/sites\/9\/2026\/03\/2-LIGHT-MY-FIRE-211x300.jpg 211w\" sizes=\"auto, (max-width: 640px) 100vw, 640px\" \/><\/p>\n<p>&nbsp;<\/p>\n<p>&nbsp;<\/p>\n<p>Argument :<br \/>\nR\u00e9alis\u00e9e dans le cadre d\u2019une r\u00e9sidence \u00e0 la Maison populaire, <em>Light my Fire<\/em>\u2009 est une installation qui s\u2019appr\u00e9hende tour \u00e0 tour dans la lumi\u00e8re et dans la p\u00e9nombre. Le spectateur est en pr\u00e9sence d\u2019un texte inscrit en caract\u00e8res phosphorescents sur le mur. Presque invisible et illisible en pleine lumi\u00e8re, il se r\u00e9v\u00e8le cycliquement lorsque la lumi\u00e8re s\u2019\u00e9teint, le temps qu\u2019il s\u2019efface lentement dans le noir. Cette version du texte augmente et rejoue un extrait de <em>La Part maudite<\/em> de Georges Bataille (1949). Elle propose la description tautologique d\u2019une phrase en train de s\u2019\u00e9crire. Elle prend le caract\u00e8re d\u2019un \u00e9nonc\u00e9 performatif et met en \u00e9vidence la difficult\u00e9 de sa lecture et les efforts n\u00e9cessaires pour la saisir. Cette augmentation performative est r\u00e9dig\u00e9e en minuscules alors que la phrase originale, \u00ab\u2009Le principe m\u00eame de la mati\u00e8re vivante veut que les op\u00e9rations chimiques de la vie qui ont demand\u00e9 une d\u00e9pense d\u2019\u00e9nergie soient b\u00e9n\u00e9ficiaires, cr\u00e9atrices d\u2019exc\u00e9dents \u00bb, se d\u00e9tache furtivement en majuscules.<\/p>\n<p><em>Premise: <\/em><br \/>\n<em>Created during a residency at La Maison Populaire, <\/em>Light my Fire<em> is an installation which is to be viewed alternately in both light and shadow. The spectator finds themselves in the presence of a text inscribed on the wall in phosphorescent letters. It is almost invisible and illegible in full light, but reveals itself gradually as the light dims, until it gradually extinguishes itself in the dark. This version of the text augments and replays an excerpt of George Bataille\u2019s <\/em>The Accursed Share<em> (1949). It offers the tautological description of a phrase in the process of writing itself. It takes on the character of a performative utterance, underlining the difficulty of reading and the effort necessary to capture a phrase. This performative addition is written in lower case letters while the original phrase of Bataille\u2019s: \u201cThe principle of living material demands that the chemically-based operations relating to life which require an output of energy be beneficial, and create surplus\u201d is subtly highlighted in capital letters.<\/em><\/p>\n<p>Julie Morel<br \/>\nN\u00e9e en 1973 \u00e0 Lyon, elle vit et travaille \u00e0 Paris. Apr\u00e8s des \u00e9tudes \u00e0 l\u2019\u00c9cole nationale des Beaux-Arts, Lyon, puis \u00e0 l\u2019\u00c9cole nationale sup\u00e9rieure des Beaux-Arts, Paris, elle participe \u00e0 l\u2019Atelier de recherches interactives de l\u2019\u00c9cole nationale sup\u00e9rieure des Arts D\u00e9coratifs et obtient un DEA en arts plastiques \u00e0 l\u2019Universit\u00e9 Paris 8. Son travail est aliment\u00e9 par une volont\u00e9 d\u2019interroger les relations quotidiennes qu\u2019entretient l\u2019Homme avec la technologie. Il en r\u00e9v\u00e8le le caract\u00e8re sensible, notamment dans son rapport au langage. Ses recherches sont souvent dirig\u00e9es vers la litt\u00e9rature et le texte qu\u2019elle envisage comme une image temporelle dont elle se sert pour produire installations, vid\u00e9os lin\u00e9aires, g\u00e9n\u00e9rateurs de textes dyslexiques, performances et collaborations. Ces productions, toujours \u00e0 la limite de la visibilit\u00e9\/ lisibilit\u00e9, font se demander si l\u2019on est au commencement du mot et de la narration ou au stade de l\u2019effacement final. Elle expose r\u00e9guli\u00e8rement en France et \u00e0 l\u2019\u00e9tranger. Son implication artistique se prolonge par la participation aux collectifs incident.net et Kom.post, la co-programmation des conf\u00e9rences The Upgrade! Paris, le commissariat de G\u00e9ographies Variables. Elle enseigne les nouveaux m\u00e9dias et les pratiques contemporaines \u00e0 l\u2019\u00c9cole europ\u00e9enne sup\u00e9rieure d\u2019Art de Bretagne. Elle y est directrice scientifique de la ligne de recherche \u00abDe l\u2019auto-archivage imm\u00e9diat comme \u0153uvre\u00bb.<br \/>\n<a href=\"http:\/\/incident.net\/users\/julie\/\" target=\"_blank\" rel=\"noopener\"><br \/>\nhttp:\/\/incident.net\/users\/julie\/<\/a><\/p>\n<p>&nbsp;<\/p>\n<p>&nbsp;<\/p>\n<p>&nbsp;<\/p>\n","protected":false},"excerpt":{"rendered":"<p>Light my Fire Installation, 2011-2012 Papier peint s\u00e9rigraphi\u00e9 \u00e0 l\u2019encre phosphorescente, lampes halog\u00e8nes, minuteur, 2,80 m x 3,20 m S\u00e9rigraphie\u00a0: La presse pur\u00e9e, Rennes Production\u00a0: Maison Populaire, Montreuil; Conseil G\u00e9n\u00e9ral de Seine-Saint Denis, Minist\u00e8re de la Culture\u2028; Minist\u00e8re de la Culture Remerciements : Alexis Chazard, Jocelyne Qu\u00e9lo, Guillaume Constantin &nbsp; &nbsp; Argument : R\u00e9alis\u00e9e dans &hellip; <a href=\"https:\/\/www.rvdv.net\/leurslumieres\/page-d-exemple\/10-julie-morel\/\" class=\"more-link\">Continuer la lecture de <span class=\"screen-reader-text\">10. Julie Morel<\/span><\/a><\/p>\n","protected":false},"author":2,"featured_media":0,"parent":2,"menu_order":0,"comment_status":"closed","ping_status":"closed","template":"","meta":{"footnotes":""},"class_list":["post-111","page","type-page","status-publish","hentry"],"_links":{"self":[{"href":"https:\/\/www.rvdv.net\/leurslumieres\/wp-json\/wp\/v2\/pages\/111","targetHints":{"allow":["GET"]}}],"collection":[{"href":"https:\/\/www.rvdv.net\/leurslumieres\/wp-json\/wp\/v2\/pages"}],"about":[{"href":"https:\/\/www.rvdv.net\/leurslumieres\/wp-json\/wp\/v2\/types\/page"}],"author":[{"embeddable":true,"href":"https:\/\/www.rvdv.net\/leurslumieres\/wp-json\/wp\/v2\/users\/2"}],"replies":[{"embeddable":true,"href":"https:\/\/www.rvdv.net\/leurslumieres\/wp-json\/wp\/v2\/comments?post=111"}],"version-history":[{"count":2,"href":"https:\/\/www.rvdv.net\/leurslumieres\/wp-json\/wp\/v2\/pages\/111\/revisions"}],"predecessor-version":[{"id":114,"href":"https:\/\/www.rvdv.net\/leurslumieres\/wp-json\/wp\/v2\/pages\/111\/revisions\/114"}],"up":[{"embeddable":true,"href":"https:\/\/www.rvdv.net\/leurslumieres\/wp-json\/wp\/v2\/pages\/2"}],"wp:attachment":[{"href":"https:\/\/www.rvdv.net\/leurslumieres\/wp-json\/wp\/v2\/media?parent=111"}],"curies":[{"name":"wp","href":"https:\/\/api.w.org\/{rel}","templated":true}]}}

<p><em>Light my Fire</em><br />
Installation, 2011-2012<br />
Papier peint sérigraphié à l’encre phosphorescente, lampes halogènes, minuteur, 2,80 m x 3,20 m<br />
Sérigraphie : La presse purée, Rennes<br />
Production : Maison Populaire, Montreuil; Conseil Général de Seine-Saint Denis, Ministère de la Culture ; Ministère de la Culture<br />
Remerciements : Alexis Chazard, Jocelyne Quélo, Guillaume Constantin</p>
<p><img loading="lazy" decoding="async" class="alignnone size-full wp-image-113" src="https://www.rvdv.net/leurslumieres/wp-content/uploads/sites/9/2026/03/2-LIGHT-MY-FIRE.jpg" alt="" width="640" height="909" srcset="https://www.rvdv.net/leurslumieres/wp-content/uploads/sites/9/2026/03/2-LIGHT-MY-FIRE.jpg 640w, https://www.rvdv.net/leurslumieres/wp-content/uploads/sites/9/2026/03/2-LIGHT-MY-FIRE-211x300.jpg 211w" sizes="auto, (max-width: 640px) 100vw, 640px" /></p>
<p>&nbsp;</p>
<p>&nbsp;</p>
<p>Argument :<br />
Réalisée dans le cadre d’une résidence à la Maison populaire, <em>Light my Fire</em>  est une installation qui s’appréhende tour à tour dans la lumière et dans la pénombre. Le spectateur est en présence d’un texte inscrit en caractères phosphorescents sur le mur. Presque invisible et illisible en pleine lumière, il se révèle cycliquement lorsque la lumière s’éteint, le temps qu’il s’efface lentement dans le noir. Cette version du texte augmente et rejoue un extrait de <em>La Part maudite</em> de Georges Bataille (1949). Elle propose la description tautologique d’une phrase en train de s’écrire. Elle prend le caractère d’un énoncé performatif et met en évidence la difficulté de sa lecture et les efforts nécessaires pour la saisir. Cette augmentation performative est rédigée en minuscules alors que la phrase originale, « Le principe même de la matière vivante veut que les opérations chimiques de la vie qui ont demandé une dépense d’énergie soient bénéficiaires, créatrices d’excédents », se détache furtivement en majuscules.</p>
<p><em>Premise: </em><br />
<em>Created during a residency at La Maison Populaire, </em>Light my Fire<em> is an installation which is to be viewed alternately in both light and shadow. The spectator finds themselves in the presence of a text inscribed on the wall in phosphorescent letters. It is almost invisible and illegible in full light, but reveals itself gradually as the light dims, until it gradually extinguishes itself in the dark. This version of the text augments and replays an excerpt of George Bataille’s </em>The Accursed Share<em> (1949). It offers the tautological description of a phrase in the process of writing itself. It takes on the character of a performative utterance, underlining the difficulty of reading and the effort necessary to capture a phrase. This performative addition is written in lower case letters while the original phrase of Bataille’s: “The principle of living material demands that the chemically-based operations relating to life which require an output of energy be beneficial, and create surplus” is subtly highlighted in capital letters.</em></p>
<p>Julie Morel<br />
Née en 1973 à Lyon, elle vit et travaille à Paris. Après des études à l’École nationale des Beaux-Arts, Lyon, puis à l’École nationale supérieure des Beaux-Arts, Paris, elle participe à l’Atelier de recherches interactives de l’École nationale supérieure des Arts Décoratifs et obtient un DEA en arts plastiques à l’Université Paris 8. Son travail est alimenté par une volonté d’interroger les relations quotidiennes qu’entretient l’Homme avec la technologie. Il en révèle le caractère sensible, notamment dans son rapport au langage. Ses recherches sont souvent dirigées vers la littérature et le texte qu’elle envisage comme une image temporelle dont elle se sert pour produire installations, vidéos linéaires, générateurs de textes dyslexiques, performances et collaborations. Ces productions, toujours à la limite de la visibilité/ lisibilité, font se demander si l’on est au commencement du mot et de la narration ou au stade de l’effacement final. Elle expose régulièrement en France et à l’étranger. Son implication artistique se prolonge par la participation aux collectifs incident.net et Kom.post, la co-programmation des conférences The Upgrade! Paris, le commissariat de Géographies Variables. Elle enseigne les nouveaux médias et les pratiques contemporaines à l’École européenne supérieure d’Art de Bretagne. Elle y est directrice scientifique de la ligne de recherche «De l’auto-archivage immédiat comme œuvre».<br />
<a href="http://incident.net/users/julie/" target="_blank" rel="noopener"><br />
http://incident.net/users/julie/</a></p>
<p>&nbsp;</p>
<p>&nbsp;</p>
<p>&nbsp;</p>

<p>Light my Fire Installation, 2011-2012 Papier peint sérigraphié à l’encre phosphorescente, lampes halogènes, minuteur, 2,80 m x 3,20 m Sérigraphie : La presse purée, Rennes Production : Maison Populaire, Montreuil; Conseil Général de Seine-Saint Denis, Ministère de la Culture ; Ministère de la Culture Remerciements : Alexis Chazard, Jocelyne Quélo, Guillaume Constantin &nbsp; &nbsp; Argument : Réalisée dans &hellip; <a href="https://www.rvdv.net/leurslumieres/page-d-exemple/10-julie-morel/" class="more-link">Continuer la lecture de <span class="screen-reader-text">10. Julie Morel</span></a></p>
