{"id":28,"date":"2026-03-28T10:10:19","date_gmt":"2026-03-28T09:10:19","guid":{"rendered":"https:\/\/www.rvdv.net\/leurslumieres\/?page_id=28"},"modified":"2026-03-31T16:50:27","modified_gmt":"2026-03-31T14:50:27","slug":"catalogue","status":"publish","type":"page","link":"https:\/\/www.rvdv.net\/leurslumieres\/page-d-exemple\/catalogue\/","title":{"rendered":"02. Catalogue"},"content":{"rendered":"<p><a href=\"http:\/\/rvdv.net\/wp-pdf\/leurs-lumieres-catalogue.pdf\">(T\u00e9l\u00e9charger le catalogue)<\/a><\/p>\n<p><a href=\"http:\/\/rvdv.net\/wp-pdf\/leurs-lumieres-catalogue.pdf\"><img loading=\"lazy\" decoding=\"async\" class=\"alignnone wp-image-32 size-full\" src=\"http:\/\/www.rvdv.net\/leurslumieres\/wp-content\/uploads\/sites\/9\/2026\/03\/leurs-lumieres-couverture-scaled.jpg\" alt=\"\" width=\"1810\" height=\"2560\" srcset=\"https:\/\/www.rvdv.net\/leurslumieres\/wp-content\/uploads\/sites\/9\/2026\/03\/leurs-lumieres-couverture-scaled.jpg 1810w, https:\/\/www.rvdv.net\/leurslumieres\/wp-content\/uploads\/sites\/9\/2026\/03\/leurs-lumieres-couverture-212x300.jpg 212w, https:\/\/www.rvdv.net\/leurslumieres\/wp-content\/uploads\/sites\/9\/2026\/03\/leurs-lumieres-couverture-724x1024.jpg 724w, https:\/\/www.rvdv.net\/leurslumieres\/wp-content\/uploads\/sites\/9\/2026\/03\/leurs-lumieres-couverture-768x1086.jpg 768w, https:\/\/www.rvdv.net\/leurslumieres\/wp-content\/uploads\/sites\/9\/2026\/03\/leurs-lumieres-couverture-1086x1536.jpg 1086w, https:\/\/www.rvdv.net\/leurslumieres\/wp-content\/uploads\/sites\/9\/2026\/03\/leurs-lumieres-couverture-1448x2048.jpg 1448w\" sizes=\"auto, (max-width: 1810px) 100vw, 1810px\" \/><\/a><\/p>\n<p>Catalogue<br \/>\nR\u00e9daction : Jean-Louis Boissier<br \/>\nTraduction : Aviva Cashmira Kakar<br \/>\nGraphisme : Ho-Sook Kang<br \/>\nImage de couverture : F\u00e9licie d\u2019Estienne d\u2019Orves<br \/>\n\u00c9dition : Conseil g\u00e9n\u00e9ral\/Centre Culturel de Rencontre de l\u2019Abbaye de Saint-Riquier \u2013 Baie de Somme, Place de l\u2019\u00c9glise, 80135 Saint-Riquier, T\u00e9l. : 03 22 71 82 20, abbaye.saint-riquier@somme.fr<br \/>\nAvec le concours de l\u2019Universit\u00e9 Paris 8 Vincennes-Saint-Denis 2 rue de la Libert\u00e9, 93526 Saint-Denis cedex<br \/>\nISBN : 978-2-95237-057-8<\/p>\n<p>Site :<br \/>\nCoordination de la r\u00e9daction : Liliane Terrier<br \/>\nProduction : Association Transports, design interactif, Paris<\/p>\n","protected":false},"excerpt":{"rendered":"<p>(T\u00e9l\u00e9charger le catalogue) Catalogue R\u00e9daction : Jean-Louis Boissier Traduction : Aviva Cashmira Kakar Graphisme : Ho-Sook Kang Image de couverture : F\u00e9licie d\u2019Estienne d\u2019Orves \u00c9dition : Conseil g\u00e9n\u00e9ral\/Centre Culturel de Rencontre de l\u2019Abbaye de Saint-Riquier \u2013 Baie de Somme, Place de l\u2019\u00c9glise, 80135 Saint-Riquier, T\u00e9l. : 03 22 71 82 20, abbaye.saint-riquier@somme.fr Avec le concours &hellip; <a href=\"https:\/\/www.rvdv.net\/leurslumieres\/page-d-exemple\/catalogue\/\" class=\"more-link\">Continuer la lecture de <span class=\"screen-reader-text\">02. Catalogue<\/span><\/a><\/p>\n","protected":false},"author":2,"featured_media":0,"parent":2,"menu_order":3,"comment_status":"closed","ping_status":"closed","template":"","meta":{"footnotes":""},"class_list":["post-28","page","type-page","status-publish","hentry"],"_links":{"self":[{"href":"https:\/\/www.rvdv.net\/leurslumieres\/wp-json\/wp\/v2\/pages\/28","targetHints":{"allow":["GET"]}}],"collection":[{"href":"https:\/\/www.rvdv.net\/leurslumieres\/wp-json\/wp\/v2\/pages"}],"about":[{"href":"https:\/\/www.rvdv.net\/leurslumieres\/wp-json\/wp\/v2\/types\/page"}],"author":[{"embeddable":true,"href":"https:\/\/www.rvdv.net\/leurslumieres\/wp-json\/wp\/v2\/users\/2"}],"replies":[{"embeddable":true,"href":"https:\/\/www.rvdv.net\/leurslumieres\/wp-json\/wp\/v2\/comments?post=28"}],"version-history":[{"count":10,"href":"https:\/\/www.rvdv.net\/leurslumieres\/wp-json\/wp\/v2\/pages\/28\/revisions"}],"predecessor-version":[{"id":315,"href":"https:\/\/www.rvdv.net\/leurslumieres\/wp-json\/wp\/v2\/pages\/28\/revisions\/315"}],"up":[{"embeddable":true,"href":"https:\/\/www.rvdv.net\/leurslumieres\/wp-json\/wp\/v2\/pages\/2"}],"wp:attachment":[{"href":"https:\/\/www.rvdv.net\/leurslumieres\/wp-json\/wp\/v2\/media?parent=28"}],"curies":[{"name":"wp","href":"https:\/\/api.w.org\/{rel}","templated":true}]}}

<p><a href="http://rvdv.net/wp-pdf/leurs-lumieres-catalogue.pdf">(Télécharger le catalogue)</a></p>
<p><a href="http://rvdv.net/wp-pdf/leurs-lumieres-catalogue.pdf"><img loading="lazy" decoding="async" class="alignnone wp-image-32 size-full" src="http://www.rvdv.net/leurslumieres/wp-content/uploads/sites/9/2026/03/leurs-lumieres-couverture-scaled.jpg" alt="" width="1810" height="2560" srcset="https://www.rvdv.net/leurslumieres/wp-content/uploads/sites/9/2026/03/leurs-lumieres-couverture-scaled.jpg 1810w, https://www.rvdv.net/leurslumieres/wp-content/uploads/sites/9/2026/03/leurs-lumieres-couverture-212x300.jpg 212w, https://www.rvdv.net/leurslumieres/wp-content/uploads/sites/9/2026/03/leurs-lumieres-couverture-724x1024.jpg 724w, https://www.rvdv.net/leurslumieres/wp-content/uploads/sites/9/2026/03/leurs-lumieres-couverture-768x1086.jpg 768w, https://www.rvdv.net/leurslumieres/wp-content/uploads/sites/9/2026/03/leurs-lumieres-couverture-1086x1536.jpg 1086w, https://www.rvdv.net/leurslumieres/wp-content/uploads/sites/9/2026/03/leurs-lumieres-couverture-1448x2048.jpg 1448w" sizes="auto, (max-width: 1810px) 100vw, 1810px" /></a></p>
<p>Catalogue<br />
Rédaction : Jean-Louis Boissier<br />
Traduction : Aviva Cashmira Kakar<br />
Graphisme : Ho-Sook Kang<br />
Image de couverture : Félicie d’Estienne d’Orves<br />
Édition : Conseil général/Centre Culturel de Rencontre de l’Abbaye de Saint-Riquier – Baie de Somme, Place de l’Église, 80135 Saint-Riquier, Tél. : 03 22 71 82 20, abbaye.saint-riquier@somme.fr<br />
Avec le concours de l’Université Paris 8 Vincennes-Saint-Denis 2 rue de la Liberté, 93526 Saint-Denis cedex<br />
ISBN : 978-2-95237-057-8</p>
<p>Site :<br />
Coordination de la rédaction : Liliane Terrier<br />
Production : Association Transports, design interactif, Paris</p>

<p>(Télécharger le catalogue) Catalogue Rédaction : Jean-Louis Boissier Traduction : Aviva Cashmira Kakar Graphisme : Ho-Sook Kang Image de couverture : Félicie d’Estienne d’Orves Édition : Conseil général/Centre Culturel de Rencontre de l’Abbaye de Saint-Riquier – Baie de Somme, Place de l’Église, 80135 Saint-Riquier, Tél. : 03 22 71 82 20, abbaye.saint-riquier@somme.fr Avec le concours &hellip; <a href="https://www.rvdv.net/leurslumieres/page-d-exemple/catalogue/" class="more-link">Continuer la lecture de <span class="screen-reader-text">02. Catalogue</span></a></p>
