{"id":480,"date":"2026-04-01T15:06:17","date_gmt":"2026-04-01T13:06:17","guid":{"rendered":"https:\/\/www.rvdv.net\/leurslumieres\/?page_id=480"},"modified":"2026-04-01T15:12:39","modified_gmt":"2026-04-01T13:12:39","slug":"30-2","status":"publish","type":"page","link":"https:\/\/www.rvdv.net\/leurslumieres\/page-d-exemple\/30-2\/","title":{"rendered":"30. Les Immat\u00e9riaux. Lumi\u00e8re mati\u00e8re et mat\u00e9riau"},"content":{"rendered":"<p>Quand, en 1984 au Centre Pompidou, Jean-Fran\u00e7ois Lyotard est appel\u00e9 \u00e0 prendre la direction intellectuelle d\u2019une exposition pr\u00e9vue sur le th\u00e8me \u00abmat\u00e9riaux nouveaux et cr\u00e9ation\u00bb, il entend mettre en question chacun de ces trois termes en la nommant <em>Les Immat\u00e9riaux<\/em> et en proposant d\u2019agencer l\u2019exposition selon cinq mots-th\u00e8mes \u2014mat\u00e9riau, mati\u00e8re, matrice, mat\u00e9riel, maternit\u00e9:<\/p>\n<p>Le sujet de l\u2019exposition est analys\u00e9 comme \u00abun questionnement sur l\u2019homme et son environnement auquel l\u2019\u00e9volution des technosciences et des modes de vie induits nous confrontent \u00e0 l\u2019aube du 21e si\u00e8cle\u00bb. Pour Lyotard, \u00abde nouveaux genres apparaissent reposant sur les nouvelles technologies\u00bb. Les nouvelles technologies, qui sont des \u00absubstituts d\u2019op\u00e9rations mentales et non plus physiques\u00bb, obligent \u00e0 des r\u00e9\u00e9valuations et des red\u00e9finitions. Le cadre g\u00e9n\u00e9ral de r\u00e9flexion de l\u2019exposition \u2014qui sera, dit Lyotard, \u00abde conception philosophique\u00bb \u2014 est celui de la fin de la modernit\u00e9 (ou de l\u2019av\u00e8nement de la postmodernit\u00e9): \u00e0 l\u2019ancien credo qui consistait pour les humains \u00e0 \u00abse rendre ma\u00eetres et possesseurs de la \u00abnature\u00bb, succ\u00e8de un \u00e9tat de fait o\u00f9 ce rapport est perturb\u00e9 \u00abdu fait des \u2018nouveaux mat\u00e9riaux\u2019\u00bb qui sont en fait des Immat\u00e9riaux car ils sont pour la plupart \u00abengendr\u00e9s par les technosciences informatiques ou \u00e9lectroniques, ou du moins rel\u00e8vent de leur approche. Or celle-ci porte atteinte \u00e0 l\u2019identit\u00e9 de l\u2019\u00abhomme \u00bb con\u00e7u comme esprit et volont\u00e9, ou conscience et libert\u00e9\u00bb. Les Immat\u00e9riaux sont donc des mat\u00e9riaux compos\u00e9s \u00abd\u2019\u00e9l\u00e9ments discrets (ondes \u00e9lectroniques, ondes sonores, ondes lumineuses, corpuscules \u00e9l\u00e9mentaires, etc.\u00bb On se trouve face \u00e0 des \u00e9l\u00e9ments qui n\u2019ont plus de \u00absubstance\u00bb stable mais sont dans une structure instable d\u2019interactions. Plus encore, \u00able mod\u00e8le du langage remplace celui de la mati\u00e8re\u00bb. Le point de vue suppose donc une dose certaine de d\u00e9mat\u00e9rialisation globale induite par les technologies. Ce th\u00e8me est, on le sait, cher \u00e0 Lyotard. Les \u0153uvres montr\u00e9es sont aussi forts diverses: [\u2026] des \u0153uvres modernes (Moholy-Nagy, Lucio Fontana, Morellet, Kosuth, Robert Ryman ou Dan Flavin), [\u2026] des peintures (Ball\u00e0, Larionov, Seurat,\u2026) ou (Quentin Metsys et Simon Vouet). [\u2026] Chacun d\u2019eux est reli\u00e9 aux cinq th\u00e8mes. Lyotard d\u00e9finit ainsi les diff\u00e9rents termes et leurs interactions: \u00able mat\u00e9riau est le support du message; le mat\u00e9riel est ce qui assure la saisie, le transfert et la capture du message; la maternit\u00e9 d\u00e9signe la fonction du destinataire du message; la mati\u00e8re du message est son r\u00e9f\u00e9rent (ce dont il est question, comme dans table des mati\u00e8res); la matrice est le code du message.\u00bb Il le dit aussi autrement : \u00abMat\u00e9riau = au moyen de quoi \u00e7a parle? mat\u00e9riel = \u00e0 destination de quoi \u00e7a parle? maternit\u00e9 = au nom de quoi \u00e7a parle? mati\u00e8re = de quoi \u00e7a parle? matrice = en quoi \u00e7a parle?\u00bb<br \/>\nManuela de Barros, extraits du pr\u00e9ambule \u00e0 la conf\u00e9rence <a href=\"https:\/\/www.rvdv.net\/immateriaux\/les-immateriaux-liste-des-pages-de-documents\/20e-anniversaire-retour-sur-les-immateriaux\/\"><em>Retour <\/em><em>sur<\/em><em> les <\/em><em>Immat\u00e9riaux<\/em><\/a>, 30 mars 2005<\/p>\n<p>Le catalogue est un ensemble de fiches-\u0153uvres index\u00e9es sur chacun de ces th\u00e8mes. La lumi\u00e8re, appara\u00eet dans deux sites. Nous reproduisons ici la fiche de la sc\u00e9nographie de l\u2019exposition et les fiches des pi\u00e8ces expos\u00e9es traitant de la lumi\u00e8re: \u00e0 vous de les replacer dans leur espace propre.<\/p>\n<p><img loading=\"lazy\" decoding=\"async\" class=\"alignnone size-full wp-image-484\" src=\"https:\/\/www.rvdv.net\/leurslumieres\/wp-content\/uploads\/sites\/9\/2026\/04\/PlanDesImmateriaux.jpg\" alt=\"\" width=\"1898\" height=\"1262\" srcset=\"https:\/\/www.rvdv.net\/leurslumieres\/wp-content\/uploads\/sites\/9\/2026\/04\/PlanDesImmateriaux.jpg 1898w, https:\/\/www.rvdv.net\/leurslumieres\/wp-content\/uploads\/sites\/9\/2026\/04\/PlanDesImmateriaux-300x199.jpg 300w, https:\/\/www.rvdv.net\/leurslumieres\/wp-content\/uploads\/sites\/9\/2026\/04\/PlanDesImmateriaux-1024x681.jpg 1024w, https:\/\/www.rvdv.net\/leurslumieres\/wp-content\/uploads\/sites\/9\/2026\/04\/PlanDesImmateriaux-768x511.jpg 768w, https:\/\/www.rvdv.net\/leurslumieres\/wp-content\/uploads\/sites\/9\/2026\/04\/PlanDesImmateriaux-1536x1021.jpg 1536w\" sizes=\"auto, (max-width: 1898px) 100vw, 1898px\" \/> <img loading=\"lazy\" decoding=\"async\" class=\"alignnone size-full wp-image-485\" src=\"https:\/\/www.rvdv.net\/leurslumieres\/wp-content\/uploads\/sites\/9\/2026\/04\/lumierederobeeR.jpg\" alt=\"\" width=\"1274\" height=\"847\" srcset=\"https:\/\/www.rvdv.net\/leurslumieres\/wp-content\/uploads\/sites\/9\/2026\/04\/lumierederobeeR.jpg 1274w, https:\/\/www.rvdv.net\/leurslumieres\/wp-content\/uploads\/sites\/9\/2026\/04\/lumierederobeeR-300x199.jpg 300w, https:\/\/www.rvdv.net\/leurslumieres\/wp-content\/uploads\/sites\/9\/2026\/04\/lumierederobeeR-1024x681.jpg 1024w, https:\/\/www.rvdv.net\/leurslumieres\/wp-content\/uploads\/sites\/9\/2026\/04\/lumierederobeeR-768x511.jpg 768w\" sizes=\"auto, (max-width: 1274px) 100vw, 1274px\" \/> <img loading=\"lazy\" decoding=\"async\" class=\"alignnone size-full wp-image-486\" src=\"https:\/\/www.rvdv.net\/leurslumieres\/wp-content\/uploads\/sites\/9\/2026\/04\/lumierederobeeV.jpg\" alt=\"\" width=\"1270\" height=\"842\" srcset=\"https:\/\/www.rvdv.net\/leurslumieres\/wp-content\/uploads\/sites\/9\/2026\/04\/lumierederobeeV.jpg 1270w, https:\/\/www.rvdv.net\/leurslumieres\/wp-content\/uploads\/sites\/9\/2026\/04\/lumierederobeeV-300x199.jpg 300w, https:\/\/www.rvdv.net\/leurslumieres\/wp-content\/uploads\/sites\/9\/2026\/04\/lumierederobeeV-1024x679.jpg 1024w, https:\/\/www.rvdv.net\/leurslumieres\/wp-content\/uploads\/sites\/9\/2026\/04\/lumierederobeeV-768x509.jpg 768w\" sizes=\"auto, (max-width: 1270px) 100vw, 1270px\" \/> <img loading=\"lazy\" decoding=\"async\" class=\"alignnone size-full wp-image-487\" src=\"https:\/\/www.rvdv.net\/leurslumieres\/wp-content\/uploads\/sites\/9\/2026\/04\/ombreDeLOmbreR.jpg\" alt=\"\" width=\"1277\" height=\"839\" srcset=\"https:\/\/www.rvdv.net\/leurslumieres\/wp-content\/uploads\/sites\/9\/2026\/04\/ombreDeLOmbreR.jpg 1277w, https:\/\/www.rvdv.net\/leurslumieres\/wp-content\/uploads\/sites\/9\/2026\/04\/ombreDeLOmbreR-300x197.jpg 300w, https:\/\/www.rvdv.net\/leurslumieres\/wp-content\/uploads\/sites\/9\/2026\/04\/ombreDeLOmbreR-1024x673.jpg 1024w, https:\/\/www.rvdv.net\/leurslumieres\/wp-content\/uploads\/sites\/9\/2026\/04\/ombreDeLOmbreR-768x505.jpg 768w\" sizes=\"auto, (max-width: 1277px) 100vw, 1277px\" \/> <img loading=\"lazy\" decoding=\"async\" class=\"alignnone size-full wp-image-488\" src=\"https:\/\/www.rvdv.net\/leurslumieres\/wp-content\/uploads\/sites\/9\/2026\/04\/PeintureLuminescenteR-1024x679-1.jpg\" alt=\"\" width=\"1024\" height=\"679\" srcset=\"https:\/\/www.rvdv.net\/leurslumieres\/wp-content\/uploads\/sites\/9\/2026\/04\/PeintureLuminescenteR-1024x679-1.jpg 1024w, https:\/\/www.rvdv.net\/leurslumieres\/wp-content\/uploads\/sites\/9\/2026\/04\/PeintureLuminescenteR-1024x679-1-300x199.jpg 300w, https:\/\/www.rvdv.net\/leurslumieres\/wp-content\/uploads\/sites\/9\/2026\/04\/PeintureLuminescenteR-1024x679-1-768x509.jpg 768w\" sizes=\"auto, (max-width: 1024px) 100vw, 1024px\" \/> <img loading=\"lazy\" decoding=\"async\" class=\"alignnone size-full wp-image-489\" src=\"https:\/\/www.rvdv.net\/leurslumieres\/wp-content\/uploads\/sites\/9\/2026\/04\/PeintureLuminescenteV.jpg\" alt=\"\" width=\"1880\" height=\"1242\" srcset=\"https:\/\/www.rvdv.net\/leurslumieres\/wp-content\/uploads\/sites\/9\/2026\/04\/PeintureLuminescenteV.jpg 1880w, https:\/\/www.rvdv.net\/leurslumieres\/wp-content\/uploads\/sites\/9\/2026\/04\/PeintureLuminescenteV-300x198.jpg 300w, https:\/\/www.rvdv.net\/leurslumieres\/wp-content\/uploads\/sites\/9\/2026\/04\/PeintureLuminescenteV-1024x676.jpg 1024w, https:\/\/www.rvdv.net\/leurslumieres\/wp-content\/uploads\/sites\/9\/2026\/04\/PeintureLuminescenteV-768x507.jpg 768w, https:\/\/www.rvdv.net\/leurslumieres\/wp-content\/uploads\/sites\/9\/2026\/04\/PeintureLuminescenteV-1536x1015.jpg 1536w\" sizes=\"auto, (max-width: 1880px) 100vw, 1880px\" \/><\/p>\n","protected":false},"excerpt":{"rendered":"<p>Quand, en 1984 au Centre Pompidou, Jean-Fran\u00e7ois Lyotard est appel\u00e9 \u00e0 prendre la direction intellectuelle d\u2019une exposition pr\u00e9vue sur le th\u00e8me \u00abmat\u00e9riaux nouveaux et cr\u00e9ation\u00bb, il entend mettre en question chacun de ces trois termes en la nommant Les Immat\u00e9riaux et en proposant d\u2019agencer l\u2019exposition selon cinq mots-th\u00e8mes \u2014mat\u00e9riau, mati\u00e8re, matrice, mat\u00e9riel, maternit\u00e9: Le sujet &hellip; <a href=\"https:\/\/www.rvdv.net\/leurslumieres\/page-d-exemple\/30-2\/\" class=\"more-link\">Continuer la lecture de <span class=\"screen-reader-text\">30. Les Immat\u00e9riaux. Lumi\u00e8re mati\u00e8re et mat\u00e9riau<\/span><\/a><\/p>\n","protected":false},"author":2,"featured_media":0,"parent":2,"menu_order":0,"comment_status":"closed","ping_status":"closed","template":"","meta":{"footnotes":""},"class_list":["post-480","page","type-page","status-publish","hentry"],"_links":{"self":[{"href":"https:\/\/www.rvdv.net\/leurslumieres\/wp-json\/wp\/v2\/pages\/480","targetHints":{"allow":["GET"]}}],"collection":[{"href":"https:\/\/www.rvdv.net\/leurslumieres\/wp-json\/wp\/v2\/pages"}],"about":[{"href":"https:\/\/www.rvdv.net\/leurslumieres\/wp-json\/wp\/v2\/types\/page"}],"author":[{"embeddable":true,"href":"https:\/\/www.rvdv.net\/leurslumieres\/wp-json\/wp\/v2\/users\/2"}],"replies":[{"embeddable":true,"href":"https:\/\/www.rvdv.net\/leurslumieres\/wp-json\/wp\/v2\/comments?post=480"}],"version-history":[{"count":7,"href":"https:\/\/www.rvdv.net\/leurslumieres\/wp-json\/wp\/v2\/pages\/480\/revisions"}],"predecessor-version":[{"id":493,"href":"https:\/\/www.rvdv.net\/leurslumieres\/wp-json\/wp\/v2\/pages\/480\/revisions\/493"}],"up":[{"embeddable":true,"href":"https:\/\/www.rvdv.net\/leurslumieres\/wp-json\/wp\/v2\/pages\/2"}],"wp:attachment":[{"href":"https:\/\/www.rvdv.net\/leurslumieres\/wp-json\/wp\/v2\/media?parent=480"}],"curies":[{"name":"wp","href":"https:\/\/api.w.org\/{rel}","templated":true}]}}

30. Les Immatériaux. Lumière matière et matériau

<p>Quand, en 1984 au Centre Pompidou, Jean-François Lyotard est appelé à prendre la direction intellectuelle d’une exposition prévue sur le thème «matériaux nouveaux et création», il entend mettre en question chacun de ces trois termes en la nommant <em>Les Immatériaux</em> et en proposant d’agencer l’exposition selon cinq mots-thèmes —matériau, matière, matrice, matériel, maternité:</p>
<p>Le sujet de l’exposition est analysé comme «un questionnement sur l’homme et son environnement auquel l’évolution des technosciences et des modes de vie induits nous confrontent à l’aube du 21e siècle». Pour Lyotard, «de nouveaux genres apparaissent reposant sur les nouvelles technologies». Les nouvelles technologies, qui sont des «substituts d’opérations mentales et non plus physiques», obligent à des réévaluations et des redéfinitions. Le cadre général de réflexion de l’exposition —qui sera, dit Lyotard, «de conception philosophique» — est celui de la fin de la modernité (ou de l’avènement de la postmodernité): à l’ancien credo qui consistait pour les humains à «se rendre maîtres et possesseurs de la «nature», succède un état de fait où ce rapport est perturbé «du fait des ‘nouveaux matériaux’» qui sont en fait des Immatériaux car ils sont pour la plupart «engendrés par les technosciences informatiques ou électroniques, ou du moins relèvent de leur approche. Or celle-ci porte atteinte à l’identité de l’«homme » conçu comme esprit et volonté, ou conscience et liberté». Les Immatériaux sont donc des matériaux composés «d’éléments discrets (ondes électroniques, ondes sonores, ondes lumineuses, corpuscules élémentaires, etc.» On se trouve face à des éléments qui n’ont plus de «substance» stable mais sont dans une structure instable d’interactions. Plus encore, «le modèle du langage remplace celui de la matière». Le point de vue suppose donc une dose certaine de dématérialisation globale induite par les technologies. Ce thème est, on le sait, cher à Lyotard. Les œuvres montrées sont aussi forts diverses: […] des œuvres modernes (Moholy-Nagy, Lucio Fontana, Morellet, Kosuth, Robert Ryman ou Dan Flavin), […] des peintures (Ballà, Larionov, Seurat,…) ou (Quentin Metsys et Simon Vouet). […] Chacun d’eux est relié aux cinq thèmes. Lyotard définit ainsi les différents termes et leurs interactions: «le matériau est le support du message; le matériel est ce qui assure la saisie, le transfert et la capture du message; la maternité désigne la fonction du destinataire du message; la matière du message est son référent (ce dont il est question, comme dans table des matières); la matrice est le code du message.» Il le dit aussi autrement : «Matériau = au moyen de quoi ça parle? matériel = à destination de quoi ça parle? maternité = au nom de quoi ça parle? matière = de quoi ça parle? matrice = en quoi ça parle?»<br />
Manuela de Barros, extraits du préambule à la conférence <a href="https://www.rvdv.net/immateriaux/les-immateriaux-liste-des-pages-de-documents/20e-anniversaire-retour-sur-les-immateriaux/"><em>Retour </em><em>sur</em><em> les </em><em>Immatériaux</em></a>, 30 mars 2005</p>
<p>Le catalogue est un ensemble de fiches-œuvres indexées sur chacun de ces thèmes. La lumière, apparaît dans deux sites. Nous reproduisons ici la fiche de la scénographie de l’exposition et les fiches des pièces exposées traitant de la lumière: à vous de les replacer dans leur espace propre.</p>
<p><img loading="lazy" decoding="async" class="alignnone size-full wp-image-484" src="https://www.rvdv.net/leurslumieres/wp-content/uploads/sites/9/2026/04/PlanDesImmateriaux.jpg" alt="" width="1898" height="1262" srcset="https://www.rvdv.net/leurslumieres/wp-content/uploads/sites/9/2026/04/PlanDesImmateriaux.jpg 1898w, https://www.rvdv.net/leurslumieres/wp-content/uploads/sites/9/2026/04/PlanDesImmateriaux-300x199.jpg 300w, https://www.rvdv.net/leurslumieres/wp-content/uploads/sites/9/2026/04/PlanDesImmateriaux-1024x681.jpg 1024w, https://www.rvdv.net/leurslumieres/wp-content/uploads/sites/9/2026/04/PlanDesImmateriaux-768x511.jpg 768w, https://www.rvdv.net/leurslumieres/wp-content/uploads/sites/9/2026/04/PlanDesImmateriaux-1536x1021.jpg 1536w" sizes="auto, (max-width: 1898px) 100vw, 1898px" /> <img loading="lazy" decoding="async" class="alignnone size-full wp-image-485" src="https://www.rvdv.net/leurslumieres/wp-content/uploads/sites/9/2026/04/lumierederobeeR.jpg" alt="" width="1274" height="847" srcset="https://www.rvdv.net/leurslumieres/wp-content/uploads/sites/9/2026/04/lumierederobeeR.jpg 1274w, https://www.rvdv.net/leurslumieres/wp-content/uploads/sites/9/2026/04/lumierederobeeR-300x199.jpg 300w, https://www.rvdv.net/leurslumieres/wp-content/uploads/sites/9/2026/04/lumierederobeeR-1024x681.jpg 1024w, https://www.rvdv.net/leurslumieres/wp-content/uploads/sites/9/2026/04/lumierederobeeR-768x511.jpg 768w" sizes="auto, (max-width: 1274px) 100vw, 1274px" /> <img loading="lazy" decoding="async" class="alignnone size-full wp-image-486" src="https://www.rvdv.net/leurslumieres/wp-content/uploads/sites/9/2026/04/lumierederobeeV.jpg" alt="" width="1270" height="842" srcset="https://www.rvdv.net/leurslumieres/wp-content/uploads/sites/9/2026/04/lumierederobeeV.jpg 1270w, https://www.rvdv.net/leurslumieres/wp-content/uploads/sites/9/2026/04/lumierederobeeV-300x199.jpg 300w, https://www.rvdv.net/leurslumieres/wp-content/uploads/sites/9/2026/04/lumierederobeeV-1024x679.jpg 1024w, https://www.rvdv.net/leurslumieres/wp-content/uploads/sites/9/2026/04/lumierederobeeV-768x509.jpg 768w" sizes="auto, (max-width: 1270px) 100vw, 1270px" /> <img loading="lazy" decoding="async" class="alignnone size-full wp-image-487" src="https://www.rvdv.net/leurslumieres/wp-content/uploads/sites/9/2026/04/ombreDeLOmbreR.jpg" alt="" width="1277" height="839" srcset="https://www.rvdv.net/leurslumieres/wp-content/uploads/sites/9/2026/04/ombreDeLOmbreR.jpg 1277w, https://www.rvdv.net/leurslumieres/wp-content/uploads/sites/9/2026/04/ombreDeLOmbreR-300x197.jpg 300w, https://www.rvdv.net/leurslumieres/wp-content/uploads/sites/9/2026/04/ombreDeLOmbreR-1024x673.jpg 1024w, https://www.rvdv.net/leurslumieres/wp-content/uploads/sites/9/2026/04/ombreDeLOmbreR-768x505.jpg 768w" sizes="auto, (max-width: 1277px) 100vw, 1277px" /> <img loading="lazy" decoding="async" class="alignnone size-full wp-image-488" src="https://www.rvdv.net/leurslumieres/wp-content/uploads/sites/9/2026/04/PeintureLuminescenteR-1024x679-1.jpg" alt="" width="1024" height="679" srcset="https://www.rvdv.net/leurslumieres/wp-content/uploads/sites/9/2026/04/PeintureLuminescenteR-1024x679-1.jpg 1024w, https://www.rvdv.net/leurslumieres/wp-content/uploads/sites/9/2026/04/PeintureLuminescenteR-1024x679-1-300x199.jpg 300w, https://www.rvdv.net/leurslumieres/wp-content/uploads/sites/9/2026/04/PeintureLuminescenteR-1024x679-1-768x509.jpg 768w" sizes="auto, (max-width: 1024px) 100vw, 1024px" /> <img loading="lazy" decoding="async" class="alignnone size-full wp-image-489" src="https://www.rvdv.net/leurslumieres/wp-content/uploads/sites/9/2026/04/PeintureLuminescenteV.jpg" alt="" width="1880" height="1242" srcset="https://www.rvdv.net/leurslumieres/wp-content/uploads/sites/9/2026/04/PeintureLuminescenteV.jpg 1880w, https://www.rvdv.net/leurslumieres/wp-content/uploads/sites/9/2026/04/PeintureLuminescenteV-300x198.jpg 300w, https://www.rvdv.net/leurslumieres/wp-content/uploads/sites/9/2026/04/PeintureLuminescenteV-1024x676.jpg 1024w, https://www.rvdv.net/leurslumieres/wp-content/uploads/sites/9/2026/04/PeintureLuminescenteV-768x507.jpg 768w, https://www.rvdv.net/leurslumieres/wp-content/uploads/sites/9/2026/04/PeintureLuminescenteV-1536x1015.jpg 1536w" sizes="auto, (max-width: 1880px) 100vw, 1880px" /></p>

<p>Quand, en 1984 au Centre Pompidou, Jean-François Lyotard est appelé à prendre la direction intellectuelle d’une exposition prévue sur le thème «matériaux nouveaux et création», il entend mettre en question chacun de ces trois termes en la nommant Les Immatériaux et en proposant d’agencer l’exposition selon cinq mots-thèmes —matériau, matière, matrice, matériel, maternité: Le sujet &hellip; <a href="https://www.rvdv.net/leurslumieres/page-d-exemple/30-2/" class="more-link">Continuer la lecture de <span class="screen-reader-text">30. Les Immatériaux. Lumière matière et matériau</span></a></p>
