{"id":1121,"date":"2015-04-04T11:13:36","date_gmt":"2015-04-04T11:13:36","guid":{"rendered":"http:\/\/www.rvdv.net\/vincennes\/?page_id=1121"},"modified":"2025-04-16T22:47:33","modified_gmt":"2025-04-16T20:47:33","slug":"parcours-performance","status":"publish","type":"page","link":"https:\/\/www.rvdv.net\/vincennes\/","title":{"rendered":"01. Annonce"},"content":{"rendered":"<p><a href=\"https:\/\/www.rvdv.net\/vincennes\/wp-content\/uploads\/sites\/5\/2015\/04\/VINCENNES_BR.jpg\" data-rel=\"lightbox-image-0\" data-imagelightbox=\"0\" data-rl_title=\"\" data-rl_caption=\"\" title=\"\"><img loading=\"lazy\" decoding=\"async\" class=\"alignnone wp-image-1100\" src=\"https:\/\/www.rvdv.net\/vincennes\/wp-content\/uploads\/sites\/5\/2015\/04\/VINCENNES_BR-300x200.jpg\" alt=\"\" width=\"1200\" height=\"800\" srcset=\"https:\/\/www.rvdv.net\/vincennes\/wp-content\/uploads\/sites\/5\/2015\/04\/VINCENNES_BR-300x200.jpg 300w, https:\/\/www.rvdv.net\/vincennes\/wp-content\/uploads\/sites\/5\/2015\/04\/VINCENNES_BR-768x512.jpg 768w, https:\/\/www.rvdv.net\/vincennes\/wp-content\/uploads\/sites\/5\/2015\/04\/VINCENNES_BR.jpg 900w\" sizes=\"auto, (max-width: 1200px) 100vw, 1200px\" \/><\/a><br \/>\nAffiche pour la d\u00e9fense de Vincennes, 1979, atelier de s\u00e9rigraphie du d\u00e9partement Arts plastiques.<\/p>\n<p><em>Vincennes &rsquo;70s<\/em> a \u00e9t\u00e9 ouvert \u00e0 cette occasion :<\/p>\n<h2>\u00ab \u00c0 l\u2019\u00e9cole de l\u2019imprimerie \u00bb<\/h2>\n<p>Parcours-performance sur le site du centre universitaire exp\u00e9rimental de Vincennes avec Liliane Terrier et Jean-Louis Boissier<br \/>\nConf\u00e9rence du cycle \u00ab\u00a0Comment faire d\u2019une classe une \u0153uvre d&rsquo;art ?\u00a0\u00bb<br \/>\nMarie Preston et Gwenola Wagon<br \/>\nLundi 30 mars 2015, 15h30 &#8211; 17h30<br \/>\nRendez-vous entre 15h15 et 15h25 au croisement de l\u2019Avenue de Paris et du Cour des Mar\u00e9chaux, m\u00e9tro Ch\u00e2teau de Vincennes<\/p>\n<p>Construite en 1969, d\u00e9truite en 1980, l\u2019Universit\u00e9 Paris 8 et sa facult\u00e9 d\u2019arts sont n\u00e9es et ont grandi dans le Bois de Vincennes. Aujourd\u2019hui, l\u2019exploration d\u2019un territoire-monument rel\u00e8ve de la stratigraphie comme de la cartographie. Elle est centr\u00e9e sur deux jeunes enseignants dont le didactisme artistique revendiqu\u00e9 ne voit de p\u00e9dagogie que <em>sui generis<\/em>. La mat\u00e9rialit\u00e9 de l\u2019impression, s\u00e9rigraphie, typographie, linogravure, la fa\u00e7on dont l\u2019imprimerie allie texte, image, multiplication et diffusion, s\u2019inscrivent dans un jeu de forces aussi bien locales qu\u2019internationales, selon les \u00ab id\u00e9es justes \u00bb du contexte et des circonstances, dans une pratique sans partage entre le projet artistique, l\u2019engagement socio-politique et la vie personnelle.<\/p>\n<p><a href=\"https:\/\/www.rvdv.net\/vincennes\/wp-content\/uploads\/sites\/5\/2015\/01\/sonacotra-serigraphie-myriam-1800.jpg\" data-rel=\"lightbox-image-1\" data-imagelightbox=\"1\" data-rl_title=\"\" data-rl_caption=\"\" title=\"\"><img loading=\"lazy\" decoding=\"async\" class=\"alignnone size-full wp-image-942\" src=\"https:\/\/www.rvdv.net\/vincennes\/wp-content\/uploads\/sites\/5\/2015\/01\/sonacotra-serigraphie-myriam-1800.jpg\" alt=\"sonacotra-serigraphie-myriam-1800\" width=\"640\" height=\"427\" srcset=\"https:\/\/www.rvdv.net\/vincennes\/wp-content\/uploads\/sites\/5\/2015\/01\/sonacotra-serigraphie-myriam-1800.jpg 1800w, https:\/\/www.rvdv.net\/vincennes\/wp-content\/uploads\/sites\/5\/2015\/01\/sonacotra-serigraphie-myriam-1800-300x200.jpg 300w, https:\/\/www.rvdv.net\/vincennes\/wp-content\/uploads\/sites\/5\/2015\/01\/sonacotra-serigraphie-myriam-1800-1024x683.jpg 1024w, https:\/\/www.rvdv.net\/vincennes\/wp-content\/uploads\/sites\/5\/2015\/01\/sonacotra-serigraphie-myriam-1800-768x512.jpg 768w, https:\/\/www.rvdv.net\/vincennes\/wp-content\/uploads\/sites\/5\/2015\/01\/sonacotra-serigraphie-myriam-1800-1536x1024.jpg 1536w\" sizes=\"auto, (max-width: 640px) 100vw, 640px\" \/><\/a><\/p>\n<p>Facult\u00e9 de Vincennes, printemps 1976, impression d&rsquo;une affiche des r\u00e9sidents des foyers Sonacotra en gr\u00e8ve des loyers, atelier de s\u00e9rigraphie du d\u00e9partement Arts plastiques. Photo JLB<\/p>\n","protected":false},"excerpt":{"rendered":"<p>Affiche pour la d\u00e9fense de Vincennes, 1979, atelier de s\u00e9rigraphie du d\u00e9partement Arts plastiques. Vincennes &rsquo;70s a \u00e9t\u00e9 ouvert \u00e0 cette occasion : \u00ab \u00c0 l\u2019\u00e9cole de l\u2019imprimerie \u00bb Parcours-performance sur le site du centre universitaire exp\u00e9rimental de Vincennes avec Liliane Terrier et Jean-Louis Boissier Conf\u00e9rence du cycle \u00ab\u00a0Comment faire d\u2019une classe une \u0153uvre d&rsquo;art &hellip; <a href=\"https:\/\/www.rvdv.net\/vincennes\/\" class=\"more-link\">Continuer la lecture de <span class=\"screen-reader-text\">01. Annonce<\/span><\/a><\/p>\n","protected":false},"author":2,"featured_media":0,"parent":0,"menu_order":0,"comment_status":"closed","ping_status":"open","template":"","meta":{"footnotes":""},"class_list":["post-1121","page","type-page","status-publish","hentry"],"_links":{"self":[{"href":"https:\/\/www.rvdv.net\/vincennes\/wp-json\/wp\/v2\/pages\/1121","targetHints":{"allow":["GET"]}}],"collection":[{"href":"https:\/\/www.rvdv.net\/vincennes\/wp-json\/wp\/v2\/pages"}],"about":[{"href":"https:\/\/www.rvdv.net\/vincennes\/wp-json\/wp\/v2\/types\/page"}],"author":[{"embeddable":true,"href":"https:\/\/www.rvdv.net\/vincennes\/wp-json\/wp\/v2\/users\/2"}],"replies":[{"embeddable":true,"href":"https:\/\/www.rvdv.net\/vincennes\/wp-json\/wp\/v2\/comments?post=1121"}],"version-history":[{"count":18,"href":"https:\/\/www.rvdv.net\/vincennes\/wp-json\/wp\/v2\/pages\/1121\/revisions"}],"predecessor-version":[{"id":1901,"href":"https:\/\/www.rvdv.net\/vincennes\/wp-json\/wp\/v2\/pages\/1121\/revisions\/1901"}],"wp:attachment":[{"href":"https:\/\/www.rvdv.net\/vincennes\/wp-json\/wp\/v2\/media?parent=1121"}],"curies":[{"name":"wp","href":"https:\/\/api.w.org\/{rel}","templated":true}]}}

<p><a href="https://www.rvdv.net/vincennes/wp-content/uploads/sites/5/2015/04/VINCENNES_BR.jpg" data-rel="lightbox-image-0" data-imagelightbox="0" data-rl_title="" data-rl_caption="" title=""><img loading="lazy" decoding="async" class="alignnone wp-image-1100" src="https://www.rvdv.net/vincennes/wp-content/uploads/sites/5/2015/04/VINCENNES_BR-300x200.jpg" alt="" width="1200" height="800" srcset="https://www.rvdv.net/vincennes/wp-content/uploads/sites/5/2015/04/VINCENNES_BR-300x200.jpg 300w, https://www.rvdv.net/vincennes/wp-content/uploads/sites/5/2015/04/VINCENNES_BR-768x512.jpg 768w, https://www.rvdv.net/vincennes/wp-content/uploads/sites/5/2015/04/VINCENNES_BR.jpg 900w" sizes="auto, (max-width: 1200px) 100vw, 1200px" /></a><br />
Affiche pour la défense de Vincennes, 1979, atelier de sérigraphie du département Arts plastiques.</p>
<p><em>Vincennes &rsquo;70s</em> a été ouvert à cette occasion :</p>
<h2>« À l’école de l’imprimerie »</h2>
<p>Parcours-performance sur le site du centre universitaire expérimental de Vincennes avec Liliane Terrier et Jean-Louis Boissier<br />
Conférence du cycle « Comment faire d’une classe une œuvre d&rsquo;art ? »<br />
Marie Preston et Gwenola Wagon<br />
Lundi 30 mars 2015, 15h30 &#8211; 17h30<br />
Rendez-vous entre 15h15 et 15h25 au croisement de l’Avenue de Paris et du Cour des Maréchaux, métro Château de Vincennes</p>
<p>Construite en 1969, détruite en 1980, l’Université Paris 8 et sa faculté d’arts sont nées et ont grandi dans le Bois de Vincennes. Aujourd’hui, l’exploration d’un territoire-monument relève de la stratigraphie comme de la cartographie. Elle est centrée sur deux jeunes enseignants dont le didactisme artistique revendiqué ne voit de pédagogie que <em>sui generis</em>. La matérialité de l’impression, sérigraphie, typographie, linogravure, la façon dont l’imprimerie allie texte, image, multiplication et diffusion, s’inscrivent dans un jeu de forces aussi bien locales qu’internationales, selon les « idées justes » du contexte et des circonstances, dans une pratique sans partage entre le projet artistique, l’engagement socio-politique et la vie personnelle.</p>
<p><a href="https://www.rvdv.net/vincennes/wp-content/uploads/sites/5/2015/01/sonacotra-serigraphie-myriam-1800.jpg" data-rel="lightbox-image-1" data-imagelightbox="1" data-rl_title="" data-rl_caption="" title=""><img loading="lazy" decoding="async" class="alignnone size-full wp-image-942" src="https://www.rvdv.net/vincennes/wp-content/uploads/sites/5/2015/01/sonacotra-serigraphie-myriam-1800.jpg" alt="sonacotra-serigraphie-myriam-1800" width="640" height="427" srcset="https://www.rvdv.net/vincennes/wp-content/uploads/sites/5/2015/01/sonacotra-serigraphie-myriam-1800.jpg 1800w, https://www.rvdv.net/vincennes/wp-content/uploads/sites/5/2015/01/sonacotra-serigraphie-myriam-1800-300x200.jpg 300w, https://www.rvdv.net/vincennes/wp-content/uploads/sites/5/2015/01/sonacotra-serigraphie-myriam-1800-1024x683.jpg 1024w, https://www.rvdv.net/vincennes/wp-content/uploads/sites/5/2015/01/sonacotra-serigraphie-myriam-1800-768x512.jpg 768w, https://www.rvdv.net/vincennes/wp-content/uploads/sites/5/2015/01/sonacotra-serigraphie-myriam-1800-1536x1024.jpg 1536w" sizes="auto, (max-width: 640px) 100vw, 640px" /></a></p>
<p>Faculté de Vincennes, printemps 1976, impression d&rsquo;une affiche des résidents des foyers Sonacotra en grève des loyers, atelier de sérigraphie du département Arts plastiques. Photo JLB</p>

<p>Affiche pour la défense de Vincennes, 1979, atelier de sérigraphie du département Arts plastiques. Vincennes &rsquo;70s a été ouvert à cette occasion : « À l’école de l’imprimerie » Parcours-performance sur le site du centre universitaire expérimental de Vincennes avec Liliane Terrier et Jean-Louis Boissier Conférence du cycle « Comment faire d’une classe une œuvre d&rsquo;art &hellip; <a href="https://www.rvdv.net/vincennes/" class="more-link">Continuer la lecture de <span class="screen-reader-text">01. Annonce</span></a></p>
