{"id":1133,"date":"2015-04-04T11:50:33","date_gmt":"2015-04-04T11:50:33","guid":{"rendered":"http:\/\/www.rvdv.net\/vincennes\/?page_id=1133"},"modified":"2024-07-17T14:09:02","modified_gmt":"2024-07-17T12:09:02","slug":"deroulement","status":"publish","type":"page","link":"https:\/\/www.rvdv.net\/vincennes\/parcours-performance\/deroulement\/","title":{"rendered":"D\u00e9roulement"},"content":{"rendered":"<p>\t\t\t<a href=\"https:\/\/www.rvdv.net\/vincennes\/wp-content\/uploads\/sites\/5\/2015\/04\/chateau-de-vincennes-rdv-panneaux.jpg\" data-rel=\"lightbox-image-0\" data-imagelightbox=\"0\" data-rl_title=\"\" data-rl_caption=\"\" title=\"\"><img loading=\"lazy\" decoding=\"async\" class=\"alignnone size-full wp-image-1148\" src=\"https:\/\/www.rvdv.net\/vincennes\/wp-content\/uploads\/sites\/5\/2015\/04\/chateau-de-vincennes-rdv-panneaux.jpg\" alt=\"chateau de vincennes rdv panneaux\" width=\"640\" height=\"480\" srcset=\"https:\/\/www.rvdv.net\/vincennes\/wp-content\/uploads\/sites\/5\/2015\/04\/chateau-de-vincennes-rdv-panneaux.jpg 1200w, https:\/\/www.rvdv.net\/vincennes\/wp-content\/uploads\/sites\/5\/2015\/04\/chateau-de-vincennes-rdv-panneaux-300x225.jpg 300w, https:\/\/www.rvdv.net\/vincennes\/wp-content\/uploads\/sites\/5\/2015\/04\/chateau-de-vincennes-rdv-panneaux-1024x768.jpg 1024w, https:\/\/www.rvdv.net\/vincennes\/wp-content\/uploads\/sites\/5\/2015\/04\/chateau-de-vincennes-rdv-panneaux-768x576.jpg 768w\" sizes=\"auto, (max-width: 640px) 100vw, 640px\" \/><\/a><\/p>\n<p>15h30<br \/>\nD\u00e9part du Ch\u00e2teau de Vincennes<br \/>\nEnregistrement en marchant des textes d&rsquo;UV de 1971 et 1977<\/p>\n<p>16h<br \/>\nArriv\u00e9e route de La Tourelle<br \/>\n(Entr\u00e9e de la fac)<br \/>\nJLB. La fac de Vincennes 1969-1980, l&rsquo;\u00e9cole maternelle, le b\u00e2timent<\/p>\n<p>16h10<br \/>\n(B\u00e2timent C, arts)<br \/>\nJLB. Disciplines, \u00e9tudiants, enseignants, cours<\/p>\n<p>16h20<br \/>\n(Bassin)<br \/>\nDiffusion des enregistrements des textes d&rsquo;UV<\/p>\n<p>16h40<br \/>\n(Enchainements des b\u00e2timents, philosophie, biblioth\u00e8que)<br \/>\nTravers\u00e9e du bois<br \/>\nDiffusion de deux enregistrements\u00a0 \u00ab\u00a0Rousseau\u00a0\u00bb, \u00ab\u00a0Brecht\u00a0\u00bb<\/p>\n<p>16h40<br \/>\n(Sous-sol)<br \/>\nJLB. Affiches s\u00e9rigraphie montr\u00e9es<br \/>\nLT. Linogravures montr\u00e9es<br \/>\nSonacotra<\/p>\n<p>17h<br \/>\n(Biblioth\u00e8que)<br \/>\nImpressions par Ye Xin, Pascale Veyron, JLB<\/p>\n<p>17h30<br \/>\nSortie vers l\u2019all\u00e9e du Roi<br \/>\nConclusion et suites<\/p>\n<p><a href=\"https:\/\/www.rvdv.net\/vincennes\/wp-content\/uploads\/sites\/5\/2015\/04\/carte-vincennes-1969-2015-impression.jpg\" data-rel=\"lightbox-image-1\" data-imagelightbox=\"1\" data-rl_title=\"\" data-rl_caption=\"\" title=\"\"><img loading=\"lazy\" decoding=\"async\" class=\"alignnone wp-image-1146\" src=\"https:\/\/www.rvdv.net\/vincennes\/wp-content\/uploads\/sites\/5\/2015\/04\/carte-vincennes-1969-2015-impression.jpg\" alt=\"carte-vincennes-1969-2015-impression\" width=\"640\" height=\"427\" srcset=\"https:\/\/www.rvdv.net\/vincennes\/wp-content\/uploads\/sites\/5\/2015\/04\/carte-vincennes-1969-2015-impression.jpg 1895w, https:\/\/www.rvdv.net\/vincennes\/wp-content\/uploads\/sites\/5\/2015\/04\/carte-vincennes-1969-2015-impression-300x200.jpg 300w, https:\/\/www.rvdv.net\/vincennes\/wp-content\/uploads\/sites\/5\/2015\/04\/carte-vincennes-1969-2015-impression-1024x683.jpg 1024w, https:\/\/www.rvdv.net\/vincennes\/wp-content\/uploads\/sites\/5\/2015\/04\/carte-vincennes-1969-2015-impression-768x512.jpg 768w, https:\/\/www.rvdv.net\/vincennes\/wp-content\/uploads\/sites\/5\/2015\/04\/carte-vincennes-1969-2015-impression-1536x1025.jpg 1536w\" sizes=\"auto, (max-width: 640px) 100vw, 640px\" \/><\/a><br \/>\nMontage 1969-2015 distribu\u00e9\t\t<\/p>\n","protected":false},"excerpt":{"rendered":"<p>15h30 D\u00e9part du Ch\u00e2teau de Vincennes Enregistrement en marchant des textes d&rsquo;UV de 1971 et 1977 16h Arriv\u00e9e route de La Tourelle (Entr\u00e9e de la fac) JLB. La fac de Vincennes 1969-1980, l&rsquo;\u00e9cole maternelle, le b\u00e2timent 16h10 (B\u00e2timent C, arts) JLB. Disciplines, \u00e9tudiants, enseignants, cours 16h20 (Bassin) Diffusion des enregistrements des textes d&rsquo;UV 16h40 (Enchainements &hellip; <a href=\"https:\/\/www.rvdv.net\/vincennes\/parcours-performance\/deroulement\/\" class=\"more-link\">Continuer la lecture de <span class=\"screen-reader-text\">D\u00e9roulement<\/span><\/a><\/p>\n","protected":false},"author":2,"featured_media":0,"parent":1121,"menu_order":0,"comment_status":"closed","ping_status":"open","template":"","meta":{"footnotes":""},"class_list":["post-1133","page","type-page","status-publish","hentry"],"_links":{"self":[{"href":"https:\/\/www.rvdv.net\/vincennes\/wp-json\/wp\/v2\/pages\/1133","targetHints":{"allow":["GET"]}}],"collection":[{"href":"https:\/\/www.rvdv.net\/vincennes\/wp-json\/wp\/v2\/pages"}],"about":[{"href":"https:\/\/www.rvdv.net\/vincennes\/wp-json\/wp\/v2\/types\/page"}],"author":[{"embeddable":true,"href":"https:\/\/www.rvdv.net\/vincennes\/wp-json\/wp\/v2\/users\/2"}],"replies":[{"embeddable":true,"href":"https:\/\/www.rvdv.net\/vincennes\/wp-json\/wp\/v2\/comments?post=1133"}],"version-history":[{"count":1,"href":"https:\/\/www.rvdv.net\/vincennes\/wp-json\/wp\/v2\/pages\/1133\/revisions"}],"predecessor-version":[{"id":1750,"href":"https:\/\/www.rvdv.net\/vincennes\/wp-json\/wp\/v2\/pages\/1133\/revisions\/1750"}],"up":[{"embeddable":true,"href":"https:\/\/www.rvdv.net\/vincennes\/wp-json\/wp\/v2\/pages\/1121"}],"wp:attachment":[{"href":"https:\/\/www.rvdv.net\/vincennes\/wp-json\/wp\/v2\/media?parent=1133"}],"curies":[{"name":"wp","href":"https:\/\/api.w.org\/{rel}","templated":true}]}}

Déroulement

<p>			<a href="https://www.rvdv.net/vincennes/wp-content/uploads/sites/5/2015/04/chateau-de-vincennes-rdv-panneaux.jpg" data-rel="lightbox-image-0" data-imagelightbox="0" data-rl_title="" data-rl_caption="" title=""><img loading="lazy" decoding="async" class="alignnone size-full wp-image-1148" src="https://www.rvdv.net/vincennes/wp-content/uploads/sites/5/2015/04/chateau-de-vincennes-rdv-panneaux.jpg" alt="chateau de vincennes rdv panneaux" width="640" height="480" srcset="https://www.rvdv.net/vincennes/wp-content/uploads/sites/5/2015/04/chateau-de-vincennes-rdv-panneaux.jpg 1200w, https://www.rvdv.net/vincennes/wp-content/uploads/sites/5/2015/04/chateau-de-vincennes-rdv-panneaux-300x225.jpg 300w, https://www.rvdv.net/vincennes/wp-content/uploads/sites/5/2015/04/chateau-de-vincennes-rdv-panneaux-1024x768.jpg 1024w, https://www.rvdv.net/vincennes/wp-content/uploads/sites/5/2015/04/chateau-de-vincennes-rdv-panneaux-768x576.jpg 768w" sizes="auto, (max-width: 640px) 100vw, 640px" /></a></p>
<p>15h30<br />
Départ du Château de Vincennes<br />
Enregistrement en marchant des textes d&rsquo;UV de 1971 et 1977</p>
<p>16h<br />
Arrivée route de La Tourelle<br />
(Entrée de la fac)<br />
JLB. La fac de Vincennes 1969-1980, l&rsquo;école maternelle, le bâtiment</p>
<p>16h10<br />
(Bâtiment C, arts)<br />
JLB. Disciplines, étudiants, enseignants, cours</p>
<p>16h20<br />
(Bassin)<br />
Diffusion des enregistrements des textes d&rsquo;UV</p>
<p>16h40<br />
(Enchainements des bâtiments, philosophie, bibliothèque)<br />
Traversée du bois<br />
Diffusion de deux enregistrements  « Rousseau », « Brecht »</p>
<p>16h40<br />
(Sous-sol)<br />
JLB. Affiches sérigraphie montrées<br />
LT. Linogravures montrées<br />
Sonacotra</p>
<p>17h<br />
(Bibliothèque)<br />
Impressions par Ye Xin, Pascale Veyron, JLB</p>
<p>17h30<br />
Sortie vers l’allée du Roi<br />
Conclusion et suites</p>
<p><a href="https://www.rvdv.net/vincennes/wp-content/uploads/sites/5/2015/04/carte-vincennes-1969-2015-impression.jpg" data-rel="lightbox-image-1" data-imagelightbox="1" data-rl_title="" data-rl_caption="" title=""><img loading="lazy" decoding="async" class="alignnone wp-image-1146" src="https://www.rvdv.net/vincennes/wp-content/uploads/sites/5/2015/04/carte-vincennes-1969-2015-impression.jpg" alt="carte-vincennes-1969-2015-impression" width="640" height="427" srcset="https://www.rvdv.net/vincennes/wp-content/uploads/sites/5/2015/04/carte-vincennes-1969-2015-impression.jpg 1895w, https://www.rvdv.net/vincennes/wp-content/uploads/sites/5/2015/04/carte-vincennes-1969-2015-impression-300x200.jpg 300w, https://www.rvdv.net/vincennes/wp-content/uploads/sites/5/2015/04/carte-vincennes-1969-2015-impression-1024x683.jpg 1024w, https://www.rvdv.net/vincennes/wp-content/uploads/sites/5/2015/04/carte-vincennes-1969-2015-impression-768x512.jpg 768w, https://www.rvdv.net/vincennes/wp-content/uploads/sites/5/2015/04/carte-vincennes-1969-2015-impression-1536x1025.jpg 1536w" sizes="auto, (max-width: 640px) 100vw, 640px" /></a><br />
Montage 1969-2015 distribué		</p>

<p>15h30 Départ du Château de Vincennes Enregistrement en marchant des textes d&rsquo;UV de 1971 et 1977 16h Arrivée route de La Tourelle (Entrée de la fac) JLB. La fac de Vincennes 1969-1980, l&rsquo;école maternelle, le bâtiment 16h10 (Bâtiment C, arts) JLB. Disciplines, étudiants, enseignants, cours 16h20 (Bassin) Diffusion des enregistrements des textes d&rsquo;UV 16h40 (Enchainements &hellip; <a href="https://www.rvdv.net/vincennes/parcours-performance/deroulement/" class="more-link">Continuer la lecture de <span class="screen-reader-text">Déroulement</span></a></p>
