{"id":1814,"date":"2024-07-17T15:12:42","date_gmt":"2024-07-17T13:12:42","guid":{"rendered":"http:\/\/www.rvdv.net\/vincennes\/?page_id=1814"},"modified":"2024-07-17T15:18:52","modified_gmt":"2024-07-17T13:18:52","slug":"11-film-et-installation","status":"publish","type":"page","link":"https:\/\/www.rvdv.net\/vincennes\/11-film-et-installation\/","title":{"rendered":"11. Film et installation"},"content":{"rendered":"<p>Plusieurs propositions artistiques exp\u00e9rimentales ont vu le jour \u00e0 partir de Vincennes.<\/p>\n<p>Exemples :<br \/>\n<em>Jeunes filles \u00e9l\u00e8ves du CET de Vaux-le-P\u00e9nil, 1972<\/em>, film<br \/>\n<em>L\u2019illumination de Vincennes<\/em>, 2009 et apr\u00e8s, performance-installation<\/p>\n","protected":false},"excerpt":{"rendered":"<p>Plusieurs propositions artistiques exp\u00e9rimentales ont vu le jour \u00e0 partir de Vincennes. Exemples : Jeunes filles \u00e9l\u00e8ves du CET de Vaux-le-P\u00e9nil, 1972, film L\u2019illumination de Vincennes, 2009 et apr\u00e8s, performance-installation<\/p>\n","protected":false},"author":2,"featured_media":0,"parent":0,"menu_order":0,"comment_status":"closed","ping_status":"closed","template":"","meta":{"footnotes":""},"class_list":["post-1814","page","type-page","status-publish","hentry"],"_links":{"self":[{"href":"https:\/\/www.rvdv.net\/vincennes\/wp-json\/wp\/v2\/pages\/1814","targetHints":{"allow":["GET"]}}],"collection":[{"href":"https:\/\/www.rvdv.net\/vincennes\/wp-json\/wp\/v2\/pages"}],"about":[{"href":"https:\/\/www.rvdv.net\/vincennes\/wp-json\/wp\/v2\/types\/page"}],"author":[{"embeddable":true,"href":"https:\/\/www.rvdv.net\/vincennes\/wp-json\/wp\/v2\/users\/2"}],"replies":[{"embeddable":true,"href":"https:\/\/www.rvdv.net\/vincennes\/wp-json\/wp\/v2\/comments?post=1814"}],"version-history":[{"count":5,"href":"https:\/\/www.rvdv.net\/vincennes\/wp-json\/wp\/v2\/pages\/1814\/revisions"}],"predecessor-version":[{"id":1820,"href":"https:\/\/www.rvdv.net\/vincennes\/wp-json\/wp\/v2\/pages\/1814\/revisions\/1820"}],"wp:attachment":[{"href":"https:\/\/www.rvdv.net\/vincennes\/wp-json\/wp\/v2\/media?parent=1814"}],"curies":[{"name":"wp","href":"https:\/\/api.w.org\/{rel}","templated":true}]}}