{"id":90,"date":"2015-01-04T10:47:48","date_gmt":"2015-01-04T10:47:48","guid":{"rendered":"http:\/\/www.rvdv.net\/vincennes\/?page_id=90"},"modified":"2024-07-17T14:57:41","modified_gmt":"2024-07-17T12:57:41","slug":"latelier-de-serigraphie","status":"publish","type":"page","link":"https:\/\/www.rvdv.net\/vincennes\/latelier-de-serigraphie\/","title":{"rendered":"07. L&rsquo;atelier de s\u00e9rigraphie. JLB"},"content":{"rendered":"<p>Mes premi\u00e8res interventions comme enseignant \u00e0 Vincennes sont dans les discussions sur l&rsquo;art public conduites par Frank Popper, dans la captation vid\u00e9o de personnalit\u00e9s culturelles et scientifiques, dans les projets conduits avec Jean-Claude Moineau d&rsquo;un \u00ab art dans la rue \u00bb puis d&rsquo;une \u00ab pratique didactique \u00bb. Ces UV (unit\u00e9s de valeur) sont en arts plastiques (mais aussi en cin\u00e9ma o\u00f9 je suis jusqu&rsquo;en 1974). Relevant d&rsquo;un art d&rsquo;agit-prop, nos activit\u00e9s partag\u00e9es entre enseignants et \u00e9tudiants (mais aussi avec le personnel) vont s&rsquo;orienter vers l&rsquo;imprimerie associ\u00e9e \u00e0 la typographie et au dessin.<\/p>\n<p>En 1971-1972, un atelier de s\u00e9rigraphie est install\u00e9 sous forme de squat dans le logement inoccup\u00e9 de la cr\u00e8che de l\u2019universit\u00e9 \u2014 elle-m\u00eame non-officielle mais occupant la maison construite pour cela. Les ann\u00e9es suivantes et jusqu\u2019en 1979, l\u2019atelier occupera un espace au sous-sol du b\u00e2timent situ\u00e9 \u00e0 l\u2019extr\u00e9mit\u00e9 de l\u2019universit\u00e9, un deuxi\u00e8me restaurant universitaire qui n\u2019ouvrira jamais. Nous nous \u00e9tions entendus avec le personnel charg\u00e9 de la maintenance, menuisiers, serruriers, \u00e9lectriciens, qui avaient leur atelier \u00e0 c\u00f4t\u00e9 du n\u00f4tre.<\/p>\n<p>La s\u00e9rigraphie est con\u00e7ue avant tout pour la confection d\u2019affiches. Il faut rappeler que la technique de la s\u00e9rigraphie \u00e0 destination de papiers imprim\u00e9s est alors relativement r\u00e9cente en France. Elle avait \u00e9t\u00e9 import\u00e9e pour l\u2019essentiel des \u00c9tats Unis apr\u00e8s la guerre, destin\u00e9e au marquage des objets et des emballages. C\u2019est pour ma part en\u00a01967 et\u00a01968, \u00e9tant en charge de la mise en place d\u2019un atelier d\u2019imprimerie \u00e0 la Maison de la culture de Grenoble, qui devait ouvrir en f\u00e9vrier\u00a01968, que j\u2019abordai cette technique en allant d\u2019une part visiter une soci\u00e9t\u00e9 qui imprimait des bouteilles et d\u2019autre part l\u2019imprimerie Noblet, qui occupait une position de pointe en France car elle produisait les affiches de qualit\u00e9, format 120 x 160\u00a0cm, destin\u00e9es aux importantes activit\u00e9s culturelles de la ville.<\/p>\n<p>Au cours du mouvement de mai\u00a01968, avec un ami dessinateur et \u00e9tudiant en m\u00e9decine, je r\u00e9alisai deux affiches dont l\u2019une reproduisait une photographie prise dans la presse. Voyant les affiches de l\u2019Atelier des Beaux-Arts, je les trouvais trop \u00ab\u00a0\u00e0 la main\u00a0\u00bb, trop \u00ab\u00a0artiste\u00a0\u00bb. C\u2019est pourquoi, \u00e0 Vincennes, je cherche les moyens pour acc\u00e9der \u00e0 la technique de la solarisation des \u00e9crans et donc de la confection de typons ou bien \u00e0 la gouache, ou bien au film inactinique, ou bien photographiques. Nous n\u2019obtenons pas une table \u00e0 aspiration qui permet une meilleure nettet\u00e9 et un bon rep\u00e9rage, mais nous imprimons souvent des affiches en plusieurs couleurs.<\/p>\n<p>Tout en recherchant la pr\u00e9sence du dessin ou de la gravure, nous optons pour des caract\u00e8res typographiques issus du syst\u00e8me Letraset ou m\u00eame d\u2019une presse typographique Tiflex, tout en les travaillant \u00e0 l\u2019agrandisseur puisque nous montons aussi un laboratoire de photographie graphique.<\/p>\n<p>Les affiches se doivent, dans nos principes, d\u2019\u00eatre effectivement et \u00ab justement \u00bb impliqu\u00e9es dans une action sociale et politique. Une part importante de notre travail consiste \u00e0 trouver des sujets et des partenaires, tout en gardant la responsabilit\u00e9 de ce qui s\u2019imprime, autrement dit sans laisser l\u2019atelier, sauf exception, \u00e0 des groupes militants ou propagandistes. Ainsi, notre implication dans le soutien aux r\u00e9sidents des foyers Sonacotra en gr\u00e8ve durant plusieurs ann\u00e9es se fera essentiellement sur le mode d\u2019\u00e9quipes mixtes et d\u2019interventions dans l\u2019animation de journ\u00e9es et de f\u00eates.<\/p>\n<p>J.-L.B.<\/p>\n<p>Voir quelques exemples : <a href=\"https:\/\/www.rvdv.net\/vincennes\/?page_id=1030\">https:\/\/www.rvdv.net\/vincennes\/?page_id=1030<br \/>\n<\/a><br \/>\n<a href=\"https:\/\/www.rvdv.net\/vincennes\/wp-content\/uploads\/sites\/5\/2015\/01\/grenoble_mai_1968.jpg\" data-rel=\"lightbox-image-0\" data-imagelightbox=\"0\" data-rl_title=\"\" data-rl_caption=\"\" title=\"\"><img loading=\"lazy\" decoding=\"async\" class=\"alignnone wp-image-736\" src=\"https:\/\/www.rvdv.net\/vincennes\/wp-content\/uploads\/sites\/5\/2015\/01\/grenoble_mai_1968.jpg\" alt=\"Exif_JPEG_PICTURE\" width=\"480\" height=\"640\" srcset=\"https:\/\/www.rvdv.net\/vincennes\/wp-content\/uploads\/sites\/5\/2015\/01\/grenoble_mai_1968.jpg 768w, https:\/\/www.rvdv.net\/vincennes\/wp-content\/uploads\/sites\/5\/2015\/01\/grenoble_mai_1968-225x300.jpg 225w\" sizes=\"auto, (max-width: 480px) 100vw, 480px\" \/><\/a><br \/>\nAffiche imprim\u00e9e (non officiellement) \u00e0 la Maison de la culture de Grenoble en mai 1968.<br \/>\n<a href=\"https:\/\/www.rvdv.net\/vincennes\/wp-content\/uploads\/sites\/5\/2015\/01\/jeunes-affiche-vincennes-1973-2000.jpg\" data-rel=\"lightbox-image-1\" data-imagelightbox=\"1\" data-rl_title=\"\" data-rl_caption=\"\" title=\"\"><img loading=\"lazy\" decoding=\"async\" class=\"alignnone size-full wp-image-1060\" src=\"https:\/\/www.rvdv.net\/vincennes\/wp-content\/uploads\/sites\/5\/2015\/01\/jeunes-affiche-vincennes-1973-2000.jpg\" alt=\"jeunes affiche vincennes 1973 2000\" width=\"480\" height=\"640\" srcset=\"https:\/\/www.rvdv.net\/vincennes\/wp-content\/uploads\/sites\/5\/2015\/01\/jeunes-affiche-vincennes-1973-2000.jpg 1500w, https:\/\/www.rvdv.net\/vincennes\/wp-content\/uploads\/sites\/5\/2015\/01\/jeunes-affiche-vincennes-1973-2000-225x300.jpg 225w, https:\/\/www.rvdv.net\/vincennes\/wp-content\/uploads\/sites\/5\/2015\/01\/jeunes-affiche-vincennes-1973-2000-768x1024.jpg 768w, https:\/\/www.rvdv.net\/vincennes\/wp-content\/uploads\/sites\/5\/2015\/01\/jeunes-affiche-vincennes-1973-2000-1152x1536.jpg 1152w\" sizes=\"auto, (max-width: 480px) 100vw, 480px\" \/><\/a><br \/>\nLa premi\u00e8re affiche r\u00e9alis\u00e9e collectivement dans l&rsquo;atelier, format 60 x 80 cm, 1972.<\/p>\n<p><a href=\"https:\/\/www.rvdv.net\/vincennes\/wp-content\/uploads\/sites\/5\/2015\/01\/sonacotra-serigraphie-myriam-1800.jpg\" data-rel=\"lightbox-image-2\" data-imagelightbox=\"2\" data-rl_title=\"\" data-rl_caption=\"\" title=\"\"><img loading=\"lazy\" decoding=\"async\" class=\"alignnone size-full wp-image-942\" src=\"https:\/\/www.rvdv.net\/vincennes\/wp-content\/uploads\/sites\/5\/2015\/01\/sonacotra-serigraphie-myriam-1800.jpg\" alt=\"sonacotra-serigraphie-myriam-1800\" width=\"640\" height=\"427\" srcset=\"https:\/\/www.rvdv.net\/vincennes\/wp-content\/uploads\/sites\/5\/2015\/01\/sonacotra-serigraphie-myriam-1800.jpg 1800w, https:\/\/www.rvdv.net\/vincennes\/wp-content\/uploads\/sites\/5\/2015\/01\/sonacotra-serigraphie-myriam-1800-300x200.jpg 300w, https:\/\/www.rvdv.net\/vincennes\/wp-content\/uploads\/sites\/5\/2015\/01\/sonacotra-serigraphie-myriam-1800-1024x683.jpg 1024w, https:\/\/www.rvdv.net\/vincennes\/wp-content\/uploads\/sites\/5\/2015\/01\/sonacotra-serigraphie-myriam-1800-768x512.jpg 768w, https:\/\/www.rvdv.net\/vincennes\/wp-content\/uploads\/sites\/5\/2015\/01\/sonacotra-serigraphie-myriam-1800-1536x1024.jpg 1536w\" sizes=\"auto, (max-width: 640px) 100vw, 640px\" \/><\/a><br \/>\nDans l&rsquo;atelier de s\u00e9rigraphie, affiche pour le mouvement des r\u00e9sidents de la Sonacotra, 1976. Photo JLB<\/p>\n<p><a href=\"https:\/\/www.rvdv.net\/vincennes\/wp-content\/uploads\/sites\/5\/2015\/01\/tripette-seri-002.jpg\" data-rel=\"lightbox-image-3\" data-imagelightbox=\"3\" data-rl_title=\"\" data-rl_caption=\"\" title=\"\"><img loading=\"lazy\" decoding=\"async\" class=\"alignnone wp-image-768\" src=\"https:\/\/www.rvdv.net\/vincennes\/wp-content\/uploads\/sites\/5\/2015\/01\/tripette-seri-002.jpg\" alt=\"tripette-seri-002\" width=\"640\" height=\"501\" srcset=\"https:\/\/www.rvdv.net\/vincennes\/wp-content\/uploads\/sites\/5\/2015\/01\/tripette-seri-002.jpg 2000w, https:\/\/www.rvdv.net\/vincennes\/wp-content\/uploads\/sites\/5\/2015\/01\/tripette-seri-002-300x235.jpg 300w, https:\/\/www.rvdv.net\/vincennes\/wp-content\/uploads\/sites\/5\/2015\/01\/tripette-seri-002-1024x801.jpg 1024w, https:\/\/www.rvdv.net\/vincennes\/wp-content\/uploads\/sites\/5\/2015\/01\/tripette-seri-002-768x601.jpg 768w, https:\/\/www.rvdv.net\/vincennes\/wp-content\/uploads\/sites\/5\/2015\/01\/tripette-seri-002-1536x1202.jpg 1536w\" sizes=\"auto, (max-width: 640px) 100vw, 640px\" \/><\/a><br \/>\n<a href=\"https:\/\/www.rvdv.net\/vincennes\/wp-content\/uploads\/sites\/5\/2015\/01\/tripette-seri-003.jpg\" data-rel=\"lightbox-image-4\" data-imagelightbox=\"4\" data-rl_title=\"\" data-rl_caption=\"\" title=\"\"><img loading=\"lazy\" decoding=\"async\" class=\"alignnone wp-image-769\" src=\"https:\/\/www.rvdv.net\/vincennes\/wp-content\/uploads\/sites\/5\/2015\/01\/tripette-seri-003.jpg\" alt=\"tripette-seri-003\" width=\"640\" height=\"501\" srcset=\"https:\/\/www.rvdv.net\/vincennes\/wp-content\/uploads\/sites\/5\/2015\/01\/tripette-seri-003.jpg 2000w, https:\/\/www.rvdv.net\/vincennes\/wp-content\/uploads\/sites\/5\/2015\/01\/tripette-seri-003-300x235.jpg 300w, https:\/\/www.rvdv.net\/vincennes\/wp-content\/uploads\/sites\/5\/2015\/01\/tripette-seri-003-1024x801.jpg 1024w, https:\/\/www.rvdv.net\/vincennes\/wp-content\/uploads\/sites\/5\/2015\/01\/tripette-seri-003-768x601.jpg 768w, https:\/\/www.rvdv.net\/vincennes\/wp-content\/uploads\/sites\/5\/2015\/01\/tripette-seri-003-1536x1202.jpg 1536w\" sizes=\"auto, (max-width: 640px) 100vw, 640px\" \/><\/a><br \/>\n<a href=\"https:\/\/www.rvdv.net\/vincennes\/wp-content\/uploads\/sites\/5\/2015\/01\/tripette-seri-004.jpg\" data-rel=\"lightbox-image-5\" data-imagelightbox=\"5\" data-rl_title=\"\" data-rl_caption=\"\" title=\"\"><img loading=\"lazy\" decoding=\"async\" class=\"alignnone wp-image-770\" src=\"https:\/\/www.rvdv.net\/vincennes\/wp-content\/uploads\/sites\/5\/2015\/01\/tripette-seri-004.jpg\" alt=\"tripette-seri-004\" width=\"640\" height=\"501\" srcset=\"https:\/\/www.rvdv.net\/vincennes\/wp-content\/uploads\/sites\/5\/2015\/01\/tripette-seri-004.jpg 2000w, https:\/\/www.rvdv.net\/vincennes\/wp-content\/uploads\/sites\/5\/2015\/01\/tripette-seri-004-300x235.jpg 300w, https:\/\/www.rvdv.net\/vincennes\/wp-content\/uploads\/sites\/5\/2015\/01\/tripette-seri-004-1024x801.jpg 1024w, https:\/\/www.rvdv.net\/vincennes\/wp-content\/uploads\/sites\/5\/2015\/01\/tripette-seri-004-768x601.jpg 768w, https:\/\/www.rvdv.net\/vincennes\/wp-content\/uploads\/sites\/5\/2015\/01\/tripette-seri-004-1536x1202.jpg 1536w\" sizes=\"auto, (max-width: 640px) 100vw, 640px\" \/><\/a><br \/>\n<a href=\"https:\/\/www.rvdv.net\/vincennes\/wp-content\/uploads\/sites\/5\/2015\/01\/tripette-seri-005.jpg\" data-rel=\"lightbox-image-6\" data-imagelightbox=\"6\" data-rl_title=\"\" data-rl_caption=\"\" title=\"\"><img loading=\"lazy\" decoding=\"async\" class=\"alignnone wp-image-771\" src=\"https:\/\/www.rvdv.net\/vincennes\/wp-content\/uploads\/sites\/5\/2015\/01\/tripette-seri-005.jpg\" alt=\"tripette-seri-005\" width=\"640\" height=\"501\" srcset=\"https:\/\/www.rvdv.net\/vincennes\/wp-content\/uploads\/sites\/5\/2015\/01\/tripette-seri-005.jpg 2000w, https:\/\/www.rvdv.net\/vincennes\/wp-content\/uploads\/sites\/5\/2015\/01\/tripette-seri-005-300x235.jpg 300w, https:\/\/www.rvdv.net\/vincennes\/wp-content\/uploads\/sites\/5\/2015\/01\/tripette-seri-005-1024x801.jpg 1024w, https:\/\/www.rvdv.net\/vincennes\/wp-content\/uploads\/sites\/5\/2015\/01\/tripette-seri-005-768x601.jpg 768w, https:\/\/www.rvdv.net\/vincennes\/wp-content\/uploads\/sites\/5\/2015\/01\/tripette-seri-005-1536x1202.jpg 1536w\" sizes=\"auto, (max-width: 640px) 100vw, 640px\" \/><\/a><br \/>\nPages de la brochure sur la s\u00e9rigraphie des \u00e9tablissements Tripette &amp; Renaud, l&rsquo;un de nos fournisseurs, 1970.<\/p>\n","protected":false},"excerpt":{"rendered":"<p>Mes premi\u00e8res interventions comme enseignant \u00e0 Vincennes sont dans les discussions sur l&rsquo;art public conduites par Frank Popper, dans la captation vid\u00e9o de personnalit\u00e9s culturelles et scientifiques, dans les projets conduits avec Jean-Claude Moineau d&rsquo;un \u00ab art dans la rue \u00bb puis d&rsquo;une \u00ab pratique didactique \u00bb. Ces UV (unit\u00e9s de valeur) sont en arts &hellip; <a href=\"https:\/\/www.rvdv.net\/vincennes\/latelier-de-serigraphie\/\" class=\"more-link\">Continuer la lecture de <span class=\"screen-reader-text\">07. L&rsquo;atelier de s\u00e9rigraphie. JLB<\/span><\/a><\/p>\n","protected":false},"author":2,"featured_media":0,"parent":0,"menu_order":0,"comment_status":"closed","ping_status":"open","template":"","meta":{"footnotes":""},"class_list":["post-90","page","type-page","status-publish","hentry"],"_links":{"self":[{"href":"https:\/\/www.rvdv.net\/vincennes\/wp-json\/wp\/v2\/pages\/90","targetHints":{"allow":["GET"]}}],"collection":[{"href":"https:\/\/www.rvdv.net\/vincennes\/wp-json\/wp\/v2\/pages"}],"about":[{"href":"https:\/\/www.rvdv.net\/vincennes\/wp-json\/wp\/v2\/types\/page"}],"author":[{"embeddable":true,"href":"https:\/\/www.rvdv.net\/vincennes\/wp-json\/wp\/v2\/users\/2"}],"replies":[{"embeddable":true,"href":"https:\/\/www.rvdv.net\/vincennes\/wp-json\/wp\/v2\/comments?post=90"}],"version-history":[{"count":4,"href":"https:\/\/www.rvdv.net\/vincennes\/wp-json\/wp\/v2\/pages\/90\/revisions"}],"predecessor-version":[{"id":1805,"href":"https:\/\/www.rvdv.net\/vincennes\/wp-json\/wp\/v2\/pages\/90\/revisions\/1805"}],"wp:attachment":[{"href":"https:\/\/www.rvdv.net\/vincennes\/wp-json\/wp\/v2\/media?parent=90"}],"curies":[{"name":"wp","href":"https:\/\/api.w.org\/{rel}","templated":true}]}}